{"id":105,"date":"2025-11-21T15:03:01","date_gmt":"2025-11-21T14:03:01","guid":{"rendered":"http:\/\/172.16.3.46\/wordpress\/?page_id=105"},"modified":"2026-06-02T12:08:40","modified_gmt":"2026-06-02T10:08:40","slug":"du-cote-des-ados","status":"publish","type":"page","link":"https:\/\/mont2jeunes.montdemarsan-agglo.fr\/index.php\/du-cote-des-ados\/","title":{"rendered":"Du c\u00f4t\u00e9 des Ados"},"content":{"rendered":"\n<details class=\"wp-block-details has-text-color has-link-color wp-elements-67c39ad057d603138933539e97e63f61 is-layout-flow wp-block-details-is-layout-flow\" style=\"color:#81d6b3\"><summary><strong>Espace Ados &#8211; Saint Perdon<\/strong><\/summary>\n<figure class=\"wp-block-image size-large\"><img decoding=\"async\" fetchpriority=\"low\" src=\"https:\/\/mont2jeunes.montdemarsan-agglo.fr\/wp-content\/uploads\/2026\/02\/6420-1024x759.jpg\" alt=\"\"\/><\/figure>\n\n\n\n<p class=\"has-contrast-color has-text-color has-link-color wp-elements-5b1f3f12b484d8b898a1749370e7f593 wp-block-paragraph\">Un lieu pour participer \u00e0 des activit\u00e9s de loisirs, exp\u00e9rimenter et \u00eatre acteur de projets et s\u00e9jours ! Ouvert les mercredis apr\u00e8s-midi pendant la p\u00e9riode scolaire, lors des petites vacances scolaires selon un planning d\u00e9fini, et tout le mois d\u2019ao\u00fbt pendant les vacances d\u2019\u00e9t\u00e9.<\/p>\n\n\n\n<p class=\"has-contrast-color has-text-color has-link-color wp-elements-7787060f9986d62ddbe389edbf45640e wp-block-paragraph\">Bulletin d&rsquo;inscription : <a href=\"https:\/\/mont2jeunes.montdemarsan-agglo.fr\/wp-content\/uploads\/2025\/11\/FICHE-D-INSCRIPTION-ESPACE-ADOS-2024-2025.pdf\" target=\"_blank\" rel=\"noreferrer noopener\">cliquez ici<\/a><\/p>\n<\/details>\n\n\n\n<details class=\"wp-block-details has-text-color has-link-color wp-elements-b69db25c24c83a5152e8e964b4779dee is-layout-flow wp-block-details-is-layout-flow\" style=\"color:#81d6b3\"><summary><strong>Rejoins la Junior Asso !<\/strong><\/summary>\n<figure class=\"wp-block-image size-large is-resized\"><img decoding=\"async\" fetchpriority=\"low\" src=\"https:\/\/mont2jeunes.montdemarsan-agglo.fr\/wp-content\/uploads\/2026\/01\/junior-asso.jpg\" alt=\"\" style=\"aspect-ratio:2.72056244852371;width:645px;height:auto\"\/><\/figure>\n\n\n\n<p class=\"has-contrast-color has-text-color has-link-color wp-elements-7e059a4bb520bd2e0cd343af0e4645d3 wp-block-paragraph\"> Participe \u00e0 des projets concrets, organise des activit\u00e9s et des \u00e9v\u00e9nements, d\u00e9veloppe tes comp\u00e9tences, apprends \u00e0 travailler en \u00e9quipe et d\u00e9couvre l\u2019engagement citoyen. C\u2019est l\u2019occasion de faire entendre ta voix, cr\u00e9er ce qui te passionne et partager des exp\u00e9riences avec d\u2019autres jeunes .<\/p>\n<\/details>\n\n\n\n<ul class=\"wp-block-list\"><\/ul>\n\n\n\n<ul class=\"wp-block-list\"><\/ul>\n\n\n\n<p class=\"has-text-color has-link-color has-large-font-size wp-elements-46c93c8f377678e7b344e0097db44653 wp-block-paragraph\" style=\"color:#81d6b3\"><strong>Contact :<\/strong><\/p>\n\n\n\n<ul class=\"wp-block-list\">\n<li>Nos Jeunes ont du talent &#8211; Partage ta passion, ton projet, ton exp\u00e9rience de mobilit\u00e9 ou d&rsquo;entreprenariat.<\/li>\n\n\n\n<li>Exprime-toi &#8211; Podcast, blog, photo: tes id\u00e9es nous int\u00e9ressent<\/li>\n<\/ul>\n","protected":false},"excerpt":{"rendered":"<p>Contact :<\/p>\n","protected":false},"author":1,"featured_media":0,"parent":0,"menu_order":0,"comment_status":"closed","ping_status":"closed","template":"","meta":{"footnotes":""},"class_list":["post-105","page","type-page","status-publish","hentry"],"_links":{"self":[{"href":"https:\/\/mont2jeunes.montdemarsan-agglo.fr\/index.php\/wp-json\/wp\/v2\/pages\/105","targetHints":{"allow":["GET"]}}],"collection":[{"href":"https:\/\/mont2jeunes.montdemarsan-agglo.fr\/index.php\/wp-json\/wp\/v2\/pages"}],"about":[{"href":"https:\/\/mont2jeunes.montdemarsan-agglo.fr\/index.php\/wp-json\/wp\/v2\/types\/page"}],"author":[{"embeddable":true,"href":"https:\/\/mont2jeunes.montdemarsan-agglo.fr\/index.php\/wp-json\/wp\/v2\/users\/1"}],"replies":[{"embeddable":true,"href":"https:\/\/mont2jeunes.montdemarsan-agglo.fr\/index.php\/wp-json\/wp\/v2\/comments?post=105"}],"version-history":[{"count":24,"href":"https:\/\/mont2jeunes.montdemarsan-agglo.fr\/index.php\/wp-json\/wp\/v2\/pages\/105\/revisions"}],"predecessor-version":[{"id":847,"href":"https:\/\/mont2jeunes.montdemarsan-agglo.fr\/index.php\/wp-json\/wp\/v2\/pages\/105\/revisions\/847"}],"wp:attachment":[{"href":"https:\/\/mont2jeunes.montdemarsan-agglo.fr\/index.php\/wp-json\/wp\/v2\/media?parent=105"}],"curies":[{"name":"wp","href":"https:\/\/api.w.org\/{rel}","templated":true}]}}

Du côté des Ados

<details class="wp-block-details has-text-color has-link-color wp-elements-67c39ad057d603138933539e97e63f61 is-layout-flow wp-block-details-is-layout-flow" style="color:#81d6b3"><summary><strong>Espace Ados &#8211; Saint Perdon</strong></summary>
<figure class="wp-block-image size-large"><img decoding="async" fetchpriority="low" src="https://mont2jeunes.montdemarsan-agglo.fr/wp-content/uploads/2026/02/6420-1024x759.jpg" alt=""/></figure>



<p class="has-contrast-color has-text-color has-link-color wp-elements-5b1f3f12b484d8b898a1749370e7f593 wp-block-paragraph">Un lieu pour participer à des activités de loisirs, expérimenter et être acteur de projets et séjours ! Ouvert les mercredis après-midi pendant la période scolaire, lors des petites vacances scolaires selon un planning défini, et tout le mois d’août pendant les vacances d’été.</p>



<p class="has-contrast-color has-text-color has-link-color wp-elements-7787060f9986d62ddbe389edbf45640e wp-block-paragraph">Bulletin d&rsquo;inscription : <a href="https://mont2jeunes.montdemarsan-agglo.fr/wp-content/uploads/2025/11/FICHE-D-INSCRIPTION-ESPACE-ADOS-2024-2025.pdf" target="_blank" rel="noreferrer noopener">cliquez ici</a></p>
</details>



<details class="wp-block-details has-text-color has-link-color wp-elements-b69db25c24c83a5152e8e964b4779dee is-layout-flow wp-block-details-is-layout-flow" style="color:#81d6b3"><summary><strong>Rejoins la Junior Asso !</strong></summary>
<figure class="wp-block-image size-large is-resized"><img decoding="async" fetchpriority="low" src="https://mont2jeunes.montdemarsan-agglo.fr/wp-content/uploads/2026/01/junior-asso.jpg" alt="" style="aspect-ratio:2.72056244852371;width:645px;height:auto"/></figure>



<p class="has-contrast-color has-text-color has-link-color wp-elements-7e059a4bb520bd2e0cd343af0e4645d3 wp-block-paragraph"> Participe à des projets concrets, organise des activités et des événements, développe tes compétences, apprends à travailler en équipe et découvre l’engagement citoyen. C’est l’occasion de faire entendre ta voix, créer ce qui te passionne et partager des expériences avec d’autres jeunes .</p>
</details>



<ul class="wp-block-list"></ul>



<ul class="wp-block-list"></ul>



<p class="has-text-color has-link-color has-large-font-size wp-elements-46c93c8f377678e7b344e0097db44653 wp-block-paragraph" style="color:#81d6b3"><strong>Contact :</strong></p>



<ul class="wp-block-list">
<li>Nos Jeunes ont du talent &#8211; Partage ta passion, ton projet, ton expérience de mobilité ou d&rsquo;entreprenariat.</li>



<li>Exprime-toi &#8211; Podcast, blog, photo: tes idées nous intéressent</li>
</ul>
