{"id":115,"date":"2025-11-21T15:38:06","date_gmt":"2025-11-21T14:38:06","guid":{"rendered":"http:\/\/172.16.3.46\/wordpress\/?page_id=115"},"modified":"2026-05-06T10:01:10","modified_gmt":"2026-05-06T08:01:10","slug":"mobilites-internationales","status":"publish","type":"page","link":"https:\/\/mont2jeunes.montdemarsan-agglo.fr\/index.php\/mobilites-internationales\/","title":{"rendered":"Mobilit\u00e9s internationales 18-32 ans"},"content":{"rendered":"\n<ul class=\"wp-block-list\">\n<li class=\"has-text-color has-link-color wp-elements-1352978fa9cf30cf09976481774f7fb6\" style=\"color:#81d6b3\"><strong>MOBILIT\u00c9 INTERNATIONALE<\/strong><\/li>\n<\/ul>\n\n\n\n<p class=\"wp-block-paragraph\">Un projet de mobilit\u00e9 en Europe ou \u00e0 l&rsquo;international ? Un op\u00e9rateur <a href=\"https:\/\/www.somobilite.fr\/\" target=\"_blank\" rel=\"noreferrer noopener\">\u00ab\u00a0So Mobilit\u00e9\u00a0\u00bb<\/a> est pr\u00e9sent pour t&rsquo;informer et t&rsquo;accompagner lors d&rsquo;un rendez-vous personnalis\u00e9. Tu pourras b\u00e9n\u00e9ficier de toutes les ressources, liens et contacts utiles pour ton projet.<\/p>\n\n\n\n<p class=\"wp-block-paragraph\">Labellis\u00e9e Eurodesk la SIJ fournie des conseils personnalis\u00e9s gratuit pour faciliter l&rsquo;acc\u00e8s aux opportunit\u00e9s Eramus + et autres programmes europ\u00e9ens.<\/p>\n\n\n\n<p class=\"wp-block-paragraph\"><strong>\u00c9tudes, stages, volontariats, stages et projets \u00e0 l&rsquo;\u00e9tranger on t&rsquo;aide <\/strong> \u00e0 construire <strong>ton projet de d\u00e9part<\/strong>.<\/p>\n\n\n\n<ul class=\"wp-block-list\"><\/ul>\n\n\n\n<ul class=\"wp-block-list\"><\/ul>\n\n\n\n<ul class=\"wp-block-list\"><\/ul>\n\n\n\n<ul class=\"wp-block-list\"><\/ul>\n\n\n\n<ul class=\"wp-block-list\">\n<li class=\"has-text-color has-link-color wp-elements-769c505c48f1efcc579bbbf792f16e87\" style=\"color:#81b6b3\"><strong>Le P\u00f4le Jeunesse labellis\u00e9 Corps Europ\u00e9en de Solidarit\u00e9 <\/strong><\/li>\n<\/ul>\n\n\n\n<p class=\"wp-block-paragraph\">Cette accr\u00e9ditation  permet d&rsquo;accueillir des volontaires europ\u00e9ens pour des projets solidaires, culturels et citoyens au service de notre territoire.<\/p>\n\n\n\n<div class=\"wp-block-group is-content-justification-center is-nowrap is-layout-flex wp-container-core-group-is-layout-82936891 wp-block-group-is-layout-flex\">\n<figure class=\"wp-block-image size-large is-resized\"><img decoding=\"async\" src=\"https:\/\/mont2jeunes.montdemarsan-agglo.fr\/wp-content\/uploads\/2025\/11\/so-mobilite.png\" alt=\"\" style=\"aspect-ratio:1.0309583439140182;width:124px;height:auto\"\/><\/figure>\n\n\n\n<figure class=\"wp-block-image alignright size-large is-resized\"><img decoding=\"async\" src=\"https:\/\/mont2jeunes.montdemarsan-agglo.fr\/wp-content\/uploads\/2025\/11\/Mont-de-Marsan-Couleur-1024x240.png\" alt=\"\" style=\"aspect-ratio:4.266813527880028;width:286px;height:auto\"\/><\/figure>\n<\/div>\n\n\n\n<ul class=\"wp-block-list\"><\/ul>\n","protected":false},"excerpt":{"rendered":"<p>Un projet de mobilit\u00e9 en Europe ou \u00e0 l&rsquo;international ? Un op\u00e9rateur \u00ab\u00a0So Mobilit\u00e9\u00a0\u00bb est pr\u00e9sent pour t&rsquo;informer et t&rsquo;accompagner lors d&rsquo;un rendez-vous personnalis\u00e9. Tu pourras b\u00e9n\u00e9ficier de toutes les ressources, liens et contacts utiles pour ton projet. Labellis\u00e9e Eurodesk la SIJ fournie des conseils personnalis\u00e9s gratuit pour faciliter l&rsquo;acc\u00e8s aux opportunit\u00e9s Eramus + et [&hellip;]<\/p>\n","protected":false},"author":1,"featured_media":0,"parent":0,"menu_order":0,"comment_status":"closed","ping_status":"closed","template":"","meta":{"footnotes":""},"class_list":["post-115","page","type-page","status-publish","hentry"],"_links":{"self":[{"href":"https:\/\/mont2jeunes.montdemarsan-agglo.fr\/index.php\/wp-json\/wp\/v2\/pages\/115","targetHints":{"allow":["GET"]}}],"collection":[{"href":"https:\/\/mont2jeunes.montdemarsan-agglo.fr\/index.php\/wp-json\/wp\/v2\/pages"}],"about":[{"href":"https:\/\/mont2jeunes.montdemarsan-agglo.fr\/index.php\/wp-json\/wp\/v2\/types\/page"}],"author":[{"embeddable":true,"href":"https:\/\/mont2jeunes.montdemarsan-agglo.fr\/index.php\/wp-json\/wp\/v2\/users\/1"}],"replies":[{"embeddable":true,"href":"https:\/\/mont2jeunes.montdemarsan-agglo.fr\/index.php\/wp-json\/wp\/v2\/comments?post=115"}],"version-history":[{"count":16,"href":"https:\/\/mont2jeunes.montdemarsan-agglo.fr\/index.php\/wp-json\/wp\/v2\/pages\/115\/revisions"}],"predecessor-version":[{"id":794,"href":"https:\/\/mont2jeunes.montdemarsan-agglo.fr\/index.php\/wp-json\/wp\/v2\/pages\/115\/revisions\/794"}],"wp:attachment":[{"href":"https:\/\/mont2jeunes.montdemarsan-agglo.fr\/index.php\/wp-json\/wp\/v2\/media?parent=115"}],"curies":[{"name":"wp","href":"https:\/\/api.w.org\/{rel}","templated":true}]}}

Mobilités internationales 18-32 ans

<ul class="wp-block-list">
<li class="has-text-color has-link-color wp-elements-1352978fa9cf30cf09976481774f7fb6" style="color:#81d6b3"><strong>MOBILITÉ INTERNATIONALE</strong></li>
</ul>



<p class="wp-block-paragraph">Un projet de mobilité en Europe ou à l&rsquo;international ? Un opérateur <a href="https://www.somobilite.fr/" target="_blank" rel="noreferrer noopener">« So Mobilité »</a> est présent pour t&rsquo;informer et t&rsquo;accompagner lors d&rsquo;un rendez-vous personnalisé. Tu pourras bénéficier de toutes les ressources, liens et contacts utiles pour ton projet.</p>



<p class="wp-block-paragraph">Labellisée Eurodesk la SIJ fournie des conseils personnalisés gratuit pour faciliter l&rsquo;accès aux opportunités Eramus + et autres programmes européens.</p>



<p class="wp-block-paragraph"><strong>Études, stages, volontariats, stages et projets à l&rsquo;étranger on t&rsquo;aide </strong> à construire <strong>ton projet de départ</strong>.</p>



<ul class="wp-block-list"></ul>



<ul class="wp-block-list"></ul>



<ul class="wp-block-list"></ul>



<ul class="wp-block-list"></ul>



<ul class="wp-block-list">
<li class="has-text-color has-link-color wp-elements-769c505c48f1efcc579bbbf792f16e87" style="color:#81b6b3"><strong>Le Pôle Jeunesse labellisé Corps Européen de Solidarité </strong></li>
</ul>



<p class="wp-block-paragraph">Cette accréditation  permet d&rsquo;accueillir des volontaires européens pour des projets solidaires, culturels et citoyens au service de notre territoire.</p>



<div class="wp-block-group is-content-justification-center is-nowrap is-layout-flex wp-container-core-group-is-layout-82936891 wp-block-group-is-layout-flex">
<figure class="wp-block-image size-large is-resized"><img decoding="async" src="https://mont2jeunes.montdemarsan-agglo.fr/wp-content/uploads/2025/11/so-mobilite.png" alt="" style="aspect-ratio:1.0309583439140182;width:124px;height:auto"/></figure>



<figure class="wp-block-image alignright size-large is-resized"><img decoding="async" src="https://mont2jeunes.montdemarsan-agglo.fr/wp-content/uploads/2025/11/Mont-de-Marsan-Couleur-1024x240.png" alt="" style="aspect-ratio:4.266813527880028;width:286px;height:auto"/></figure>
</div>



<ul class="wp-block-list"></ul>

<p>Un projet de mobilité en Europe ou à l&rsquo;international ? Un opérateur « So Mobilité » est présent pour t&rsquo;informer et t&rsquo;accompagner lors d&rsquo;un rendez-vous personnalisé. Tu pourras bénéficier de toutes les ressources, liens et contacts utiles pour ton projet. Labellisée Eurodesk la SIJ fournie des conseils personnalisés gratuit pour faciliter l&rsquo;accès aux opportunités Eramus + et [&hellip;]</p>
