{"id":127,"date":"2025-11-21T20:23:32","date_gmt":"2025-11-21T19:23:32","guid":{"rendered":"http:\/\/172.16.3.46\/wordpress\/?page_id=127"},"modified":"2026-06-02T15:15:55","modified_gmt":"2026-06-02T13:15:55","slug":"jobs","status":"publish","type":"page","link":"https:\/\/mont2jeunes.montdemarsan-agglo.fr\/index.php\/jobs\/","title":{"rendered":"Jobs &#8211; Volontariat &#8211; Alternance"},"content":{"rendered":"\n<figure class=\"wp-block-image aligncenter size-full is-resized\"><img loading=\"lazy\" decoding=\"async\" width=\"560\" height=\"782\" src=\"https:\/\/mont2jeunes.montdemarsan-agglo.fr\/wp-content\/uploads\/2026\/03\/job-ete-2026.png\" alt=\"\" class=\"wp-image-768\" style=\"width:645px;height:auto\" srcset=\"https:\/\/mont2jeunes.montdemarsan-agglo.fr\/wp-content\/uploads\/2026\/03\/job-ete-2026.png 560w, https:\/\/mont2jeunes.montdemarsan-agglo.fr\/wp-content\/uploads\/2026\/03\/job-ete-2026-215x300.png 215w\" sizes=\"auto, (max-width: 560px) 100vw, 560px\" \/><\/figure>\n\n\n\n<p class=\"wp-block-paragraph\">Trouve un job, pars en mission ou lance ton alternance. On t&rsquo;accompagne toute l&rsquo;ann\u00e9e : offres locales, mise en relation, ateliers CV, simulation d&rsquo;entretien.<\/p>\n\n\n\n<ul style=\"color:#81d6b3\" class=\"wp-block-list has-text-color has-link-color wp-elements-91ac798b5223bf5d80009a5edfd26b53\"><\/ul>\n\n\n\n<details class=\"wp-block-details has-text-color has-link-color wp-elements-c74f1b43479bd5ef958635d0bca38f7a is-layout-flow wp-block-details-is-layout-flow\" style=\"color:#81d6b3\"><summary><strong>Volontariat au P\u00f4le Jeunesse<\/strong><\/summary>\n<p class=\"has-contrast-color has-text-color has-link-color wp-elements-141f8b2c5dc335b917aa084383a2077c wp-block-paragraph\">Chaque ann\u00e9e, nous accueillons 10 volontaires sur des missions au service du public : accueil &amp; info, accompagnement du projet d&rsquo;avenir, projets collectifs, participation aux \u00e9v\u00e9nementiels du P\u00f4le Jeunesse.<\/p>\n\n\n\n<p class=\"has-contrast-color has-text-color has-link-color wp-elements-44132c55fe8207ef3877c46662ab4755 wp-block-paragraph\">Une ann\u00e9e riche en exp\u00e9riences qui favorise l&rsquo;\u00e9panouissement de l&rsquo;engagement.<\/p>\n\n\n\n<p class=\"has-contrast-color has-text-color has-link-color wp-elements-b3c8102810ab6184fddc2db1d4aafc91 wp-block-paragraph\"><a href=\"https:\/\/mont2jeunes.montdemarsan-agglo.fr\/index.php\/jobs-alternance-stages\/\" target=\"_blank\" rel=\"noreferrer noopener\">Candidater<\/a>.<\/p>\n<\/details>\n\n\n\n<figure class=\"wp-block-embed is-type-video is-provider-youtube wp-block-embed-youtube wp-embed-aspect-16-9 wp-has-aspect-ratio\"><div class=\"wp-block-embed__wrapper\">\n<iframe loading=\"lazy\" title=\"{FORUM JOBS D\u2019\u00c9T\u00c9} - Mont de Marsan\" width=\"500\" height=\"281\" src=\"https:\/\/www.youtube.com\/embed\/XVsCklAMpkE?feature=oembed\" frameborder=\"0\" allow=\"accelerometer; autoplay; clipboard-write; encrypted-media; gyroscope; picture-in-picture; web-share\" referrerpolicy=\"strict-origin-when-cross-origin\" allowfullscreen><\/iframe>\n<\/div><\/figure>\n\n\n\n<p class=\"wp-block-paragraph\"><\/p>\n","protected":false},"excerpt":{"rendered":"<p>Trouve un job, pars en mission ou lance ton alternance. On t&rsquo;accompagne toute l&rsquo;ann\u00e9e : offres locales, mise en relation, ateliers CV, simulation d&rsquo;entretien.<\/p>\n","protected":false},"author":1,"featured_media":0,"parent":0,"menu_order":0,"comment_status":"closed","ping_status":"closed","template":"","meta":{"footnotes":""},"class_list":["post-127","page","type-page","status-publish","hentry"],"_links":{"self":[{"href":"https:\/\/mont2jeunes.montdemarsan-agglo.fr\/index.php\/wp-json\/wp\/v2\/pages\/127","targetHints":{"allow":["GET"]}}],"collection":[{"href":"https:\/\/mont2jeunes.montdemarsan-agglo.fr\/index.php\/wp-json\/wp\/v2\/pages"}],"about":[{"href":"https:\/\/mont2jeunes.montdemarsan-agglo.fr\/index.php\/wp-json\/wp\/v2\/types\/page"}],"author":[{"embeddable":true,"href":"https:\/\/mont2jeunes.montdemarsan-agglo.fr\/index.php\/wp-json\/wp\/v2\/users\/1"}],"replies":[{"embeddable":true,"href":"https:\/\/mont2jeunes.montdemarsan-agglo.fr\/index.php\/wp-json\/wp\/v2\/comments?post=127"}],"version-history":[{"count":15,"href":"https:\/\/mont2jeunes.montdemarsan-agglo.fr\/index.php\/wp-json\/wp\/v2\/pages\/127\/revisions"}],"predecessor-version":[{"id":849,"href":"https:\/\/mont2jeunes.montdemarsan-agglo.fr\/index.php\/wp-json\/wp\/v2\/pages\/127\/revisions\/849"}],"wp:attachment":[{"href":"https:\/\/mont2jeunes.montdemarsan-agglo.fr\/index.php\/wp-json\/wp\/v2\/media?parent=127"}],"curies":[{"name":"wp","href":"https:\/\/api.w.org\/{rel}","templated":true}]}}

<figure class="wp-block-image aligncenter size-full is-resized"><img loading="lazy" decoding="async" width="560" height="782" src="https://mont2jeunes.montdemarsan-agglo.fr/wp-content/uploads/2026/03/job-ete-2026.png" alt="" class="wp-image-768" style="width:645px;height:auto" srcset="https://mont2jeunes.montdemarsan-agglo.fr/wp-content/uploads/2026/03/job-ete-2026.png 560w, https://mont2jeunes.montdemarsan-agglo.fr/wp-content/uploads/2026/03/job-ete-2026-215x300.png 215w" sizes="auto, (max-width: 560px) 100vw, 560px" /></figure>



<p class="wp-block-paragraph">Trouve un job, pars en mission ou lance ton alternance. On t&rsquo;accompagne toute l&rsquo;année : offres locales, mise en relation, ateliers CV, simulation d&rsquo;entretien.</p>



<ul style="color:#81d6b3" class="wp-block-list has-text-color has-link-color wp-elements-91ac798b5223bf5d80009a5edfd26b53"></ul>



<details class="wp-block-details has-text-color has-link-color wp-elements-c74f1b43479bd5ef958635d0bca38f7a is-layout-flow wp-block-details-is-layout-flow" style="color:#81d6b3"><summary><strong>Volontariat au Pôle Jeunesse</strong></summary>
<p class="has-contrast-color has-text-color has-link-color wp-elements-141f8b2c5dc335b917aa084383a2077c wp-block-paragraph">Chaque année, nous accueillons 10 volontaires sur des missions au service du public : accueil &amp; info, accompagnement du projet d&rsquo;avenir, projets collectifs, participation aux événementiels du Pôle Jeunesse.</p>



<p class="has-contrast-color has-text-color has-link-color wp-elements-44132c55fe8207ef3877c46662ab4755 wp-block-paragraph">Une année riche en expériences qui favorise l&rsquo;épanouissement de l&rsquo;engagement.</p>



<p class="has-contrast-color has-text-color has-link-color wp-elements-b3c8102810ab6184fddc2db1d4aafc91 wp-block-paragraph"><a href="https://mont2jeunes.montdemarsan-agglo.fr/index.php/jobs-alternance-stages/" target="_blank" rel="noreferrer noopener">Candidater</a>.</p>
</details>



<figure class="wp-block-embed is-type-video is-provider-youtube wp-block-embed-youtube wp-embed-aspect-16-9 wp-has-aspect-ratio"><div class="wp-block-embed__wrapper">
<iframe loading="lazy" title="{FORUM JOBS D’ÉTÉ} - Mont de Marsan" width="500" height="281" src="https://www.youtube.com/embed/XVsCklAMpkE?feature=oembed" frameborder="0" allow="accelerometer; autoplay; clipboard-write; encrypted-media; gyroscope; picture-in-picture; web-share" referrerpolicy="strict-origin-when-cross-origin" allowfullscreen></iframe>
</div></figure>



<p class="wp-block-paragraph"></p>

<p>Trouve un job, pars en mission ou lance ton alternance. On t&rsquo;accompagne toute l&rsquo;année : offres locales, mise en relation, ateliers CV, simulation d&rsquo;entretien.</p>
