{"id":130,"date":"2025-11-24T09:53:52","date_gmt":"2025-11-24T08:53:52","guid":{"rendered":"http:\/\/172.16.3.46\/wordpress\/?page_id=130"},"modified":"2026-06-04T11:52:48","modified_gmt":"2026-06-04T09:52:48","slug":"bons-plans","status":"publish","type":"page","link":"https:\/\/mont2jeunes.montdemarsan-agglo.fr\/index.php\/bons-plans\/","title":{"rendered":"Bons plans"},"content":{"rendered":"\n<p class=\"has-large-font-size wp-block-paragraph\">D\u00e9couvrez la plage des bons plans qui vous sont sp\u00e9cialement d\u00e9di\u00e9s, d\u00e9nich\u00e9s par les informateurs jeunesse.<\/p>\n\n\n\n<ul class=\"wp-block-list\"><\/ul>\n\n\n\n<details class=\"wp-block-details has-text-color has-link-color wp-elements-c33959c175839896fb2212eb96471665 is-layout-flow wp-block-details-is-layout-flow\" style=\"color:#81d6b3\"><summary>Pass Culture<\/summary>\n<p class=\"has-contrast-color has-text-color has-link-color wp-elements-bf0878583d08961fd428d0133f3b8121 wp-block-paragraph\">Tu as entre 15 et 21 ans ? Profite du Pass Culture pour d\u00e9couvrir la culture autour de toi !<\/p>\n\n\n\n<figure class=\"wp-block-image is-resized\"><img decoding=\"async\" fetchpriority=\"low\" src=\"https:\/\/mont2jeunes.montdemarsan-agglo.fr\/wp-content\/uploads\/2026\/01\/Passculture.png\" alt=\"Cette image a un attribut alt vide\u00a0; le nom du fichier est Passculture.png\" style=\"width:645px;height:auto\"\/><\/figure>\n\n\n\n<div class=\"wp-block-buttons is-layout-flex wp-block-buttons-is-layout-flex\">\n<div class=\"wp-block-button\"><a class=\"wp-block-button__link wp-element-button\" href=\"http:\/\/pass.culture.fr\" target=\"_blank\" rel=\"noreferrer noopener\">Visiter le site<\/a><\/div>\n<\/div>\n<\/details>\n\n\n\n<details class=\"wp-block-details has-text-color has-link-color wp-elements-ed139d963eadc1b99a413f455a111837 is-layout-flow wp-block-details-is-layout-flow\" style=\"color:#81d6b3\"><summary><strong>Landes Imagin&rsquo;actions<\/strong><\/summary>\n<p class=\"has-contrast-color has-text-color has-link-color wp-elements-7c66c9d5d706ad043c42d6aa3f559f3e wp-block-paragraph\">Appels \u00e0 projets et coups de pouce pour tes id\u00e9es. Accompagnement par les informateurs Jeunesse.<\/p>\n\n\n\n<figure class=\"wp-block-image aligncenter size-large is-resized\"><img decoding=\"async\" fetchpriority=\"low\" src=\"https:\/\/mont2jeunes.montdemarsan-agglo.fr\/wp-content\/uploads\/2026\/01\/landes-imaginactions.jpg\" alt=\"\" style=\"width:645px;height:auto\"\/><\/figure>\n\n\n\n<div class=\"wp-block-buttons is-layout-flex wp-block-buttons-is-layout-flex\">\n<div class=\"wp-block-button\"><a class=\"wp-block-button__link wp-element-button\" href=\"https:\/\/www.caf.fr\/allocataires\/caf-des-landes\/offre-de-service\/vie-personnelle\/je-suis-un-jeune\/landes-imaginactions\" target=\"_blank\" rel=\"noreferrer noopener\">Visiter le site<\/a><\/div>\n<\/div>\n<\/details>\n","protected":false},"excerpt":{"rendered":"<p>D\u00e9couvrez la plage des bons plans qui vous sont sp\u00e9cialement d\u00e9di\u00e9s, d\u00e9nich\u00e9s par les informateurs jeunesse.<\/p>\n","protected":false},"author":1,"featured_media":0,"parent":0,"menu_order":0,"comment_status":"closed","ping_status":"closed","template":"","meta":{"footnotes":""},"class_list":["post-130","page","type-page","status-publish","hentry"],"_links":{"self":[{"href":"https:\/\/mont2jeunes.montdemarsan-agglo.fr\/index.php\/wp-json\/wp\/v2\/pages\/130","targetHints":{"allow":["GET"]}}],"collection":[{"href":"https:\/\/mont2jeunes.montdemarsan-agglo.fr\/index.php\/wp-json\/wp\/v2\/pages"}],"about":[{"href":"https:\/\/mont2jeunes.montdemarsan-agglo.fr\/index.php\/wp-json\/wp\/v2\/types\/page"}],"author":[{"embeddable":true,"href":"https:\/\/mont2jeunes.montdemarsan-agglo.fr\/index.php\/wp-json\/wp\/v2\/users\/1"}],"replies":[{"embeddable":true,"href":"https:\/\/mont2jeunes.montdemarsan-agglo.fr\/index.php\/wp-json\/wp\/v2\/comments?post=130"}],"version-history":[{"count":26,"href":"https:\/\/mont2jeunes.montdemarsan-agglo.fr\/index.php\/wp-json\/wp\/v2\/pages\/130\/revisions"}],"predecessor-version":[{"id":852,"href":"https:\/\/mont2jeunes.montdemarsan-agglo.fr\/index.php\/wp-json\/wp\/v2\/pages\/130\/revisions\/852"}],"wp:attachment":[{"href":"https:\/\/mont2jeunes.montdemarsan-agglo.fr\/index.php\/wp-json\/wp\/v2\/media?parent=130"}],"curies":[{"name":"wp","href":"https:\/\/api.w.org\/{rel}","templated":true}]}}

<p class="has-large-font-size wp-block-paragraph">Découvrez la plage des bons plans qui vous sont spécialement dédiés, dénichés par les informateurs jeunesse.</p>



<ul class="wp-block-list"></ul>



<details class="wp-block-details has-text-color has-link-color wp-elements-c33959c175839896fb2212eb96471665 is-layout-flow wp-block-details-is-layout-flow" style="color:#81d6b3"><summary>Pass Culture</summary>
<p class="has-contrast-color has-text-color has-link-color wp-elements-bf0878583d08961fd428d0133f3b8121 wp-block-paragraph">Tu as entre 15 et 21 ans ? Profite du Pass Culture pour découvrir la culture autour de toi !</p>



<figure class="wp-block-image is-resized"><img decoding="async" fetchpriority="low" src="https://mont2jeunes.montdemarsan-agglo.fr/wp-content/uploads/2026/01/Passculture.png" alt="Cette image a un attribut alt vide ; le nom du fichier est Passculture.png" style="width:645px;height:auto"/></figure>



<div class="wp-block-buttons is-layout-flex wp-block-buttons-is-layout-flex">
<div class="wp-block-button"><a class="wp-block-button__link wp-element-button" href="http://pass.culture.fr" target="_blank" rel="noreferrer noopener">Visiter le site</a></div>
</div>
</details>



<details class="wp-block-details has-text-color has-link-color wp-elements-ed139d963eadc1b99a413f455a111837 is-layout-flow wp-block-details-is-layout-flow" style="color:#81d6b3"><summary><strong>Landes Imagin&rsquo;actions</strong></summary>
<p class="has-contrast-color has-text-color has-link-color wp-elements-7c66c9d5d706ad043c42d6aa3f559f3e wp-block-paragraph">Appels à projets et coups de pouce pour tes idées. Accompagnement par les informateurs Jeunesse.</p>



<figure class="wp-block-image aligncenter size-large is-resized"><img decoding="async" fetchpriority="low" src="https://mont2jeunes.montdemarsan-agglo.fr/wp-content/uploads/2026/01/landes-imaginactions.jpg" alt="" style="width:645px;height:auto"/></figure>



<div class="wp-block-buttons is-layout-flex wp-block-buttons-is-layout-flex">
<div class="wp-block-button"><a class="wp-block-button__link wp-element-button" href="https://www.caf.fr/allocataires/caf-des-landes/offre-de-service/vie-personnelle/je-suis-un-jeune/landes-imaginactions" target="_blank" rel="noreferrer noopener">Visiter le site</a></div>
</div>
</details>

<p>Découvrez la plage des bons plans qui vous sont spécialement dédiés, dénichés par les informateurs jeunesse.</p>
