{"id":227,"date":"2025-11-25T10:37:48","date_gmt":"2025-11-25T09:37:48","guid":{"rendered":"http:\/\/172.16.3.46\/wordpress\/?page_id=227"},"modified":"2026-06-02T16:20:48","modified_gmt":"2026-06-02T14:20:48","slug":"mediateur-numerique","status":"publish","type":"page","link":"https:\/\/mont2jeunes.montdemarsan-agglo.fr\/index.php\/mediateur-numerique\/","title":{"rendered":"M\u00e9diation Num\u00e9rique"},"content":{"rendered":"\n<figure class=\"wp-block-image size-large\"><img loading=\"lazy\" decoding=\"async\" width=\"724\" height=\"1024\" src=\"https:\/\/mont2jeunes.montdemarsan-agglo.fr\/wp-content\/uploads\/2026\/05\/Affiche-724x1024.png\" alt=\"\" class=\"wp-image-825\" srcset=\"https:\/\/mont2jeunes.montdemarsan-agglo.fr\/wp-content\/uploads\/2026\/05\/Affiche-724x1024.png 724w, https:\/\/mont2jeunes.montdemarsan-agglo.fr\/wp-content\/uploads\/2026\/05\/Affiche-212x300.png 212w, https:\/\/mont2jeunes.montdemarsan-agglo.fr\/wp-content\/uploads\/2026\/05\/Affiche-768x1086.png 768w, https:\/\/mont2jeunes.montdemarsan-agglo.fr\/wp-content\/uploads\/2026\/05\/Affiche-1086x1536.png 1086w, https:\/\/mont2jeunes.montdemarsan-agglo.fr\/wp-content\/uploads\/2026\/05\/Affiche.png 1414w\" sizes=\"auto, (max-width: 724px) 100vw, 724px\" \/><\/figure>\n\n\n\n<ul class=\"wp-block-list\">\n<li class=\"has-text-color has-link-color wp-elements-d01e0e490be92bdf3ddb278c9d9e5343\" style=\"color:#81d6b3\"><strong>M\u00e9diation num\u00e9rique<\/strong><\/li>\n<\/ul>\n\n\n\n<p class=\"wp-block-paragraph\">Le M\u00e9diateur Num\u00e9rique du P\u00f4le jeunesse propose un accompagnement individualis\u00e9 faire les d\u00e9marches num\u00e9riques (CAF, ameli, d\u00e9marches administratives, &#8230;).<\/p>\n\n\n\n<p class=\"wp-block-paragraph\">Des ateliers collectifs gratuits t&rsquo;initient \u00e0 d\u00e9couverte PC, &#8230; un ordinateur reconditionn\u00e9 peut \u00eatre remis sous conditions.<\/p>\n\n\n\n<p class=\"wp-block-paragraph\">Rendez-vous \u00e0 la SIJ pour une prescription contact ici<\/p>\n\n\n\n<ul class=\"wp-block-list\"><\/ul>\n\n\n\n<p class=\"has-text-align-center has-text-color has-link-color has-large-font-size wp-elements-4418b8f479e85fde57ebacbc9e3c95f8 wp-block-paragraph\" style=\"color:#81d6b3\">Retrouvez les ateliers ici <\/p>\n\n\n\n<details class=\"wp-block-details has-text-color has-link-color wp-elements-c03c372501d0f78d1fd2321c80dcd166 is-layout-flow wp-block-details-is-layout-flow\" style=\"color:#81d6b3\"><summary><strong>Prise en main de l&rsquo;ordinateur et initiation au traitement de texte<\/strong><\/summary>\n<p class=\"has-contrast-color has-text-color has-link-color wp-elements-1cd6e3d5bc8fb75d7ec190629a8da0f1 wp-block-paragraph\"><strong>25 Janvier 2026<\/strong><\/p>\n\n\n\n<p class=\"has-contrast-color has-text-color has-link-color wp-elements-e308d99615b6aa0c53d930335a35c0b3 wp-block-paragraph\"><strong>Lieu :<\/strong> P\u00f4le Jeunesse salle Coworking<br><code>\ud83d\udd52<\/code><strong> Horaires :<\/strong> de 9h-10h<\/p>\n<\/details>\n\n\n\n<details class=\"wp-block-details has-text-color has-link-color wp-elements-13ed867b4d57cceaf4aa509757a0e422 is-layout-flow wp-block-details-is-layout-flow\" style=\"color:#81d6b3\"><summary><strong>D\u00e9couvrir l\u2019environnement Linux Mint<\/strong><\/summary>\n<p class=\"has-contrast-color has-text-color has-link-color wp-elements-0cc9e6a399dad8bde12cf5460eb3a601 wp-block-paragraph\">12 F\u00e9vrier 2026<\/p>\n\n\n\n<p class=\"has-contrast-color has-text-color has-link-color wp-elements-e308d99615b6aa0c53d930335a35c0b3 wp-block-paragraph\"><strong>Lieu :<\/strong> P\u00f4le Jeunesse salle Coworking<br><code>\ud83d\udd52<\/code><strong> Horaires :<\/strong> de 9h-10h<\/p>\n<\/details>\n\n\n\n<details class=\"wp-block-details has-text-color has-link-color wp-elements-067d0007631f428e1d66efea4bb4e895 is-layout-flow wp-block-details-is-layout-flow\" style=\"color:#81d6b3\"><summary><strong>Naviguer efficacement sur Internet<\/strong><\/summary>\n<p class=\"has-contrast-color has-text-color has-link-color wp-elements-d20cb0baa483991e583ce2df77fee4be wp-block-paragraph\"><strong>24 Mars 2026<\/strong><\/p>\n\n\n\n<p class=\"has-contrast-color has-text-color has-link-color wp-elements-401f0576f9b47e675d33659450d58b05 wp-block-paragraph\"><strong>Lieu <\/strong>: P\u00f4le Jeunesse salle Coworking<br><code>\ud83d\udd52<\/code><strong> Horaires :<\/strong> de 9h-11h<\/p>\n<\/details>\n\n\n\n<details class=\"wp-block-details has-text-color has-link-color wp-elements-507499d3f3122b69d823fe37cf04f170 is-layout-flow wp-block-details-is-layout-flow\" style=\"color:#81d6b3\"><summary><strong>Cr\u00e9er et g\u00e9rer une adresse e-mail<\/strong><\/summary>\n<p class=\"has-contrast-color has-text-color has-link-color wp-elements-8c1099f74154034c786ce612a87d8bbe wp-block-paragraph\"><strong>13 Juin 2026<\/strong><\/p>\n\n\n\n<p class=\"has-contrast-color has-text-color has-link-color wp-elements-e308d99615b6aa0c53d930335a35c0b3 wp-block-paragraph\"><strong>Lieu :<\/strong> P\u00f4le Jeunesse salle Coworking<br><code>\ud83d\udd52<\/code><strong> Horaires :<\/strong> de 9h-10h<\/p>\n\n\n\n<p class=\"wp-block-paragraph\"><\/p>\n<\/details>\n\n\n\n<details class=\"wp-block-details has-text-color has-link-color wp-elements-9ffcda5893cd7e0b1bfc4cc4a531120d is-layout-flow wp-block-details-is-layout-flow\" style=\"color:#81d6b3\"><summary><strong>Comprendre la cybers\u00e9curit\u00e9 et prot\u00e9ger ses donn\u00e9es personnelles<\/strong><\/summary>\n<p class=\"has-contrast-color has-text-color has-link-color wp-elements-e3731c6d55356f4542da72e1f7bdf4dc wp-block-paragraph\"><strong>30 Juin 2026<\/strong><\/p>\n\n\n\n<p class=\"has-contrast-color has-text-color has-link-color wp-elements-e308d99615b6aa0c53d930335a35c0b3 wp-block-paragraph\"><strong>Lieu :<\/strong> P\u00f4le Jeunesse salle Coworking<br><code>\ud83d\udd52<\/code><strong> Horaires :<\/strong> de 9h-10h<\/p>\n<\/details>\n\n\n\n<p class=\"wp-block-paragraph\"><br><\/p>\n","protected":false},"excerpt":{"rendered":"<p>Le M\u00e9diateur Num\u00e9rique du P\u00f4le jeunesse propose un accompagnement individualis\u00e9 faire les d\u00e9marches num\u00e9riques (CAF, ameli, d\u00e9marches administratives, &#8230;). Des ateliers collectifs gratuits t&rsquo;initient \u00e0 d\u00e9couverte PC, &#8230; un ordinateur reconditionn\u00e9 peut \u00eatre remis sous conditions. Rendez-vous \u00e0 la SIJ pour une prescription contact ici Retrouvez les ateliers ici<\/p>\n","protected":false},"author":1,"featured_media":0,"parent":0,"menu_order":0,"comment_status":"closed","ping_status":"closed","template":"","meta":{"footnotes":""},"class_list":["post-227","page","type-page","status-publish","hentry"],"_links":{"self":[{"href":"https:\/\/mont2jeunes.montdemarsan-agglo.fr\/index.php\/wp-json\/wp\/v2\/pages\/227","targetHints":{"allow":["GET"]}}],"collection":[{"href":"https:\/\/mont2jeunes.montdemarsan-agglo.fr\/index.php\/wp-json\/wp\/v2\/pages"}],"about":[{"href":"https:\/\/mont2jeunes.montdemarsan-agglo.fr\/index.php\/wp-json\/wp\/v2\/types\/page"}],"author":[{"embeddable":true,"href":"https:\/\/mont2jeunes.montdemarsan-agglo.fr\/index.php\/wp-json\/wp\/v2\/users\/1"}],"replies":[{"embeddable":true,"href":"https:\/\/mont2jeunes.montdemarsan-agglo.fr\/index.php\/wp-json\/wp\/v2\/comments?post=227"}],"version-history":[{"count":36,"href":"https:\/\/mont2jeunes.montdemarsan-agglo.fr\/index.php\/wp-json\/wp\/v2\/pages\/227\/revisions"}],"predecessor-version":[{"id":850,"href":"https:\/\/mont2jeunes.montdemarsan-agglo.fr\/index.php\/wp-json\/wp\/v2\/pages\/227\/revisions\/850"}],"wp:attachment":[{"href":"https:\/\/mont2jeunes.montdemarsan-agglo.fr\/index.php\/wp-json\/wp\/v2\/media?parent=227"}],"curies":[{"name":"wp","href":"https:\/\/api.w.org\/{rel}","templated":true}]}}

Médiation Numérique

<figure class="wp-block-image size-large"><img loading="lazy" decoding="async" width="724" height="1024" src="https://mont2jeunes.montdemarsan-agglo.fr/wp-content/uploads/2026/05/Affiche-724x1024.png" alt="" class="wp-image-825" srcset="https://mont2jeunes.montdemarsan-agglo.fr/wp-content/uploads/2026/05/Affiche-724x1024.png 724w, https://mont2jeunes.montdemarsan-agglo.fr/wp-content/uploads/2026/05/Affiche-212x300.png 212w, https://mont2jeunes.montdemarsan-agglo.fr/wp-content/uploads/2026/05/Affiche-768x1086.png 768w, https://mont2jeunes.montdemarsan-agglo.fr/wp-content/uploads/2026/05/Affiche-1086x1536.png 1086w, https://mont2jeunes.montdemarsan-agglo.fr/wp-content/uploads/2026/05/Affiche.png 1414w" sizes="auto, (max-width: 724px) 100vw, 724px" /></figure>



<ul class="wp-block-list">
<li class="has-text-color has-link-color wp-elements-d01e0e490be92bdf3ddb278c9d9e5343" style="color:#81d6b3"><strong>Médiation numérique</strong></li>
</ul>



<p class="wp-block-paragraph">Le Médiateur Numérique du Pôle jeunesse propose un accompagnement individualisé faire les démarches numériques (CAF, ameli, démarches administratives, &#8230;).</p>



<p class="wp-block-paragraph">Des ateliers collectifs gratuits t&rsquo;initient à découverte PC, &#8230; un ordinateur reconditionné peut être remis sous conditions.</p>



<p class="wp-block-paragraph">Rendez-vous à la SIJ pour une prescription contact ici</p>



<ul class="wp-block-list"></ul>



<p class="has-text-align-center has-text-color has-link-color has-large-font-size wp-elements-4418b8f479e85fde57ebacbc9e3c95f8 wp-block-paragraph" style="color:#81d6b3">Retrouvez les ateliers ici </p>



<details class="wp-block-details has-text-color has-link-color wp-elements-c03c372501d0f78d1fd2321c80dcd166 is-layout-flow wp-block-details-is-layout-flow" style="color:#81d6b3"><summary><strong>Prise en main de l&rsquo;ordinateur et initiation au traitement de texte</strong></summary>
<p class="has-contrast-color has-text-color has-link-color wp-elements-1cd6e3d5bc8fb75d7ec190629a8da0f1 wp-block-paragraph"><strong>25 Janvier 2026</strong></p>



<p class="has-contrast-color has-text-color has-link-color wp-elements-e308d99615b6aa0c53d930335a35c0b3 wp-block-paragraph"><strong>Lieu :</strong> Pôle Jeunesse salle Coworking<br><code>🕒</code><strong> Horaires :</strong> de 9h-10h</p>
</details>



<details class="wp-block-details has-text-color has-link-color wp-elements-13ed867b4d57cceaf4aa509757a0e422 is-layout-flow wp-block-details-is-layout-flow" style="color:#81d6b3"><summary><strong>Découvrir l’environnement Linux Mint</strong></summary>
<p class="has-contrast-color has-text-color has-link-color wp-elements-0cc9e6a399dad8bde12cf5460eb3a601 wp-block-paragraph">12 Février 2026</p>



<p class="has-contrast-color has-text-color has-link-color wp-elements-e308d99615b6aa0c53d930335a35c0b3 wp-block-paragraph"><strong>Lieu :</strong> Pôle Jeunesse salle Coworking<br><code>🕒</code><strong> Horaires :</strong> de 9h-10h</p>
</details>



<details class="wp-block-details has-text-color has-link-color wp-elements-067d0007631f428e1d66efea4bb4e895 is-layout-flow wp-block-details-is-layout-flow" style="color:#81d6b3"><summary><strong>Naviguer efficacement sur Internet</strong></summary>
<p class="has-contrast-color has-text-color has-link-color wp-elements-d20cb0baa483991e583ce2df77fee4be wp-block-paragraph"><strong>24 Mars 2026</strong></p>



<p class="has-contrast-color has-text-color has-link-color wp-elements-401f0576f9b47e675d33659450d58b05 wp-block-paragraph"><strong>Lieu </strong>: Pôle Jeunesse salle Coworking<br><code>🕒</code><strong> Horaires :</strong> de 9h-11h</p>
</details>



<details class="wp-block-details has-text-color has-link-color wp-elements-507499d3f3122b69d823fe37cf04f170 is-layout-flow wp-block-details-is-layout-flow" style="color:#81d6b3"><summary><strong>Créer et gérer une adresse e-mail</strong></summary>
<p class="has-contrast-color has-text-color has-link-color wp-elements-8c1099f74154034c786ce612a87d8bbe wp-block-paragraph"><strong>13 Juin 2026</strong></p>



<p class="has-contrast-color has-text-color has-link-color wp-elements-e308d99615b6aa0c53d930335a35c0b3 wp-block-paragraph"><strong>Lieu :</strong> Pôle Jeunesse salle Coworking<br><code>🕒</code><strong> Horaires :</strong> de 9h-10h</p>



<p class="wp-block-paragraph"></p>
</details>



<details class="wp-block-details has-text-color has-link-color wp-elements-9ffcda5893cd7e0b1bfc4cc4a531120d is-layout-flow wp-block-details-is-layout-flow" style="color:#81d6b3"><summary><strong>Comprendre la cybersécurité et protéger ses données personnelles</strong></summary>
<p class="has-contrast-color has-text-color has-link-color wp-elements-e3731c6d55356f4542da72e1f7bdf4dc wp-block-paragraph"><strong>30 Juin 2026</strong></p>



<p class="has-contrast-color has-text-color has-link-color wp-elements-e308d99615b6aa0c53d930335a35c0b3 wp-block-paragraph"><strong>Lieu :</strong> Pôle Jeunesse salle Coworking<br><code>🕒</code><strong> Horaires :</strong> de 9h-10h</p>
</details>



<p class="wp-block-paragraph"><br></p>

<p>Le Médiateur Numérique du Pôle jeunesse propose un accompagnement individualisé faire les démarches numériques (CAF, ameli, démarches administratives, &#8230;). Des ateliers collectifs gratuits t&rsquo;initient à découverte PC, &#8230; un ordinateur reconditionné peut être remis sous conditions. Rendez-vous à la SIJ pour une prescription contact ici Retrouvez les ateliers ici</p>
