{"id":34,"date":"2025-11-04T16:49:33","date_gmt":"2025-11-04T15:49:33","guid":{"rendered":"http:\/\/172.16.3.43\/wordpress\/?page_id=34"},"modified":"2026-05-06T10:01:10","modified_gmt":"2026-05-06T08:01:10","slug":"pole-jeunesse-2","status":"publish","type":"page","link":"https:\/\/mont2jeunes.montdemarsan-agglo.fr\/","title":{"rendered":"Accueil"},"content":{"rendered":"\n<figure class=\"wp-block-image size-large\"><img decoding=\"async\" src=\"https:\/\/mont2jeunes.montdemarsan-agglo.fr\/wp-content\/uploads\/2026\/01\/Pole-jeunesse-1024x1024.png\" alt=\"\"\/><\/figure>\n\n\n\n<p class=\"has-medium-font-size wp-block-paragraph\"><strong>Reste inform\u00e9, d\u00e9couvre les bons plans et tes droits, exp\u00e9rimente, engage-toi et profite des ateliers, animations et espaces jeunes.<\/strong><br><strong>Pars \u00e0 l\u2019international, d\u00e9veloppe tes comp\u00e9tences num\u00e9riques et participe \u00e0 des actions adapt\u00e9es \u00e0 chaque \u00e2ge pour t\u2019\u00e9panouir et construire tes projets.<\/strong><\/p>\n\n\n\n<p class=\"has-medium-font-size wp-block-paragraph\"><\/p>\n\n\n\n<div class=\"wp-block-columns is-layout-flex wp-container-core-columns-is-layout-794e3cfa wp-block-columns-is-layout-flex\">\n<div class=\"wp-block-column is-layout-flow wp-block-column-is-layout-flow\">\n<div class=\"wp-block-group is-content-justification-center is-nowrap is-layout-flex wp-container-core-group-is-layout-82936891 wp-block-group-is-layout-flex\">\n<figure class=\"wp-block-image size-large\"><a href=\"https:\/\/mont2jeunes.montdemarsan-agglo.fr\/index.php\/actualites\/\" target=\"_blank\" rel=\" noreferrer noopener\"><img decoding=\"async\" src=\"https:\/\/mont2jeunes.montdemarsan-agglo.fr\/wp-content\/uploads\/2026\/01\/ACTU-1-e1767799109755.png\" alt=\"\"\/><\/a><\/figure>\n\n\n\n<figure class=\"wp-block-image size-large\"><a href=\"https:\/\/mont2jeunes.montdemarsan-agglo.fr\/index.php\/bons-plans\/\" target=\"_blank\" rel=\" noreferrer noopener\"><img decoding=\"async\" src=\"https:\/\/mont2jeunes.montdemarsan-agglo.fr\/wp-content\/uploads\/2026\/01\/BONS-PLANS-1-e1767800785356.png\" alt=\"\"\/><\/a><\/figure>\n<\/div>\n\n\n\n<div class=\"wp-block-group is-content-justification-center is-nowrap is-layout-flex wp-container-core-group-is-layout-82936891 wp-block-group-is-layout-flex\">\n<figure class=\"wp-block-image size-large\"><a href=\"https:\/\/mont2jeunes.montdemarsan-agglo.fr\/index.php\/du-cote-des-ados\/\" target=\"_blank\" rel=\" noreferrer noopener\"><img decoding=\"async\" src=\"https:\/\/mont2jeunes.montdemarsan-agglo.fr\/wp-content\/uploads\/2026\/01\/Cote-ADOS-1-e1767800830179.png\" alt=\"\"\/><\/a><\/figure>\n\n\n\n<figure class=\"wp-block-image size-large\"><a href=\"https:\/\/mont2jeunes.montdemarsan-agglo.fr\/index.php\/info-jeunes-2\/\" target=\"_blank\" rel=\" noreferrer noopener\"><img decoding=\"async\" src=\"https:\/\/mont2jeunes.montdemarsan-agglo.fr\/wp-content\/uploads\/2026\/01\/INFOS-JEUNES-1-e1767800892744.png\" alt=\"\"\/><\/a><\/figure>\n<\/div>\n\n\n\n<div class=\"wp-block-group is-content-justification-center is-nowrap is-layout-flex wp-container-core-group-is-layout-82936891 wp-block-group-is-layout-flex\">\n<figure class=\"wp-block-image size-large\"><a href=\"https:\/\/mont2jeunes.montdemarsan-agglo.fr\/index.php\/service-civique-2\/\" target=\"_blank\" rel=\" noreferrer noopener\"><img decoding=\"async\" src=\"https:\/\/mont2jeunes.montdemarsan-agglo.fr\/wp-content\/uploads\/2026\/01\/SERV-CIV-1-e1767800933491.png\" alt=\"\"\/><\/a><\/figure>\n\n\n\n<figure class=\"wp-block-image size-large\"><a href=\"https:\/\/mont2jeunes.montdemarsan-agglo.fr\/index.php\/maison-des-etudiants\/\" target=\"_blank\" rel=\" noreferrer noopener\"><img decoding=\"async\" src=\"https:\/\/mont2jeunes.montdemarsan-agglo.fr\/wp-content\/uploads\/2026\/01\/VIE-ETUD-1-e1767800987474.png\" alt=\"\"\/><\/a><\/figure>\n<\/div>\n\n\n\n<div class=\"wp-block-group is-content-justification-center is-nowrap is-layout-flex wp-container-core-group-is-layout-82936891 wp-block-group-is-layout-flex\">\n<figure class=\"wp-block-image size-large\"><a href=\"https:\/\/mont2jeunes.montdemarsan-agglo.fr\/index.php\/mediateur-numerique\/\" target=\"_blank\" rel=\" noreferrer noopener\"><img decoding=\"async\" src=\"https:\/\/mont2jeunes.montdemarsan-agglo.fr\/wp-content\/uploads\/2026\/01\/MEDIAT-NUM-1-e1767801814556.png\" alt=\"\"\/><\/a><\/figure>\n\n\n\n<figure class=\"wp-block-image size-large\"><a href=\"https:\/\/mont2jeunes.montdemarsan-agglo.fr\/index.php\/mobilites-internationales\/\" target=\"_blank\" rel=\" noreferrer noopener\"><img decoding=\"async\" src=\"https:\/\/mont2jeunes.montdemarsan-agglo.fr\/wp-content\/uploads\/2026\/01\/MOBILITE-INTERN-1-e1767801857419.png\" alt=\"\"\/><\/a><\/figure>\n<\/div>\n\n\n\n<div class=\"wp-block-group is-content-justification-center is-nowrap is-layout-flex wp-container-core-group-is-layout-82936891 wp-block-group-is-layout-flex\">\n<figure class=\"wp-block-image size-large\"><a href=\"https:\/\/mont2jeunes.montdemarsan-agglo.fr\/index.php\/jobs-alternance-stages\/\" target=\"_blank\" rel=\" noreferrer noopener\"><img decoding=\"async\" src=\"https:\/\/mont2jeunes.montdemarsan-agglo.fr\/wp-content\/uploads\/2026\/01\/JOBS-VOL-STAGES-1-e1767801915479.png\" alt=\"\"\/><\/a><\/figure>\n\n\n\n<figure class=\"wp-block-image size-large\"><a href=\"https:\/\/mont2jeunes.montdemarsan-agglo.fr\/index.php\/ateliers-2\/\" target=\"_blank\" rel=\" noreferrer noopener\"><img decoding=\"async\" src=\"https:\/\/mont2jeunes.montdemarsan-agglo.fr\/wp-content\/uploads\/2026\/01\/ATEL-RENC-1-e1767801987174.png\" alt=\"\"\/><\/a><\/figure>\n<\/div>\n<\/div>\n<\/div>\n\n\n\n<div class=\"wp-block-columns is-layout-flex wp-container-core-columns-is-layout-794e3cfa wp-block-columns-is-layout-flex\">\n<div class=\"wp-block-column is-layout-flow wp-block-column-is-layout-flow\">\n<div class=\"wp-block-columns is-layout-flex wp-container-core-columns-is-layout-794e3cfa wp-block-columns-is-layout-flex\">\n<div class=\"wp-block-column is-layout-flow wp-block-column-is-layout-flow\" style=\"flex-basis:66.66%\"><\/div>\n\n\n\n<div class=\"wp-block-column is-layout-flow wp-block-column-is-layout-flow\" style=\"flex-basis:33.33%\"><\/div>\n<\/div>\n<\/div>\n<\/div>\n","protected":false},"excerpt":{"rendered":"<p>Reste inform\u00e9, d\u00e9couvre les bons plans et tes droits, exp\u00e9rimente, engage-toi et profite des ateliers, animations et espaces jeunes.Pars \u00e0 l\u2019international, d\u00e9veloppe tes comp\u00e9tences num\u00e9riques et participe \u00e0 des actions adapt\u00e9es \u00e0 chaque \u00e2ge pour t\u2019\u00e9panouir et construire tes projets.<\/p>\n","protected":false},"author":1,"featured_media":0,"parent":0,"menu_order":0,"comment_status":"closed","ping_status":"closed","template":"","meta":{"footnotes":""},"class_list":["post-34","page","type-page","status-publish","hentry"],"_links":{"self":[{"href":"https:\/\/mont2jeunes.montdemarsan-agglo.fr\/index.php\/wp-json\/wp\/v2\/pages\/34","targetHints":{"allow":["GET"]}}],"collection":[{"href":"https:\/\/mont2jeunes.montdemarsan-agglo.fr\/index.php\/wp-json\/wp\/v2\/pages"}],"about":[{"href":"https:\/\/mont2jeunes.montdemarsan-agglo.fr\/index.php\/wp-json\/wp\/v2\/types\/page"}],"author":[{"embeddable":true,"href":"https:\/\/mont2jeunes.montdemarsan-agglo.fr\/index.php\/wp-json\/wp\/v2\/users\/1"}],"replies":[{"embeddable":true,"href":"https:\/\/mont2jeunes.montdemarsan-agglo.fr\/index.php\/wp-json\/wp\/v2\/comments?post=34"}],"version-history":[{"count":72,"href":"https:\/\/mont2jeunes.montdemarsan-agglo.fr\/index.php\/wp-json\/wp\/v2\/pages\/34\/revisions"}],"predecessor-version":[{"id":799,"href":"https:\/\/mont2jeunes.montdemarsan-agglo.fr\/index.php\/wp-json\/wp\/v2\/pages\/34\/revisions\/799"}],"wp:attachment":[{"href":"https:\/\/mont2jeunes.montdemarsan-agglo.fr\/index.php\/wp-json\/wp\/v2\/media?parent=34"}],"curies":[{"name":"wp","href":"https:\/\/api.w.org\/{rel}","templated":true}]}}

<figure class="wp-block-image size-large"><img decoding="async" src="https://mont2jeunes.montdemarsan-agglo.fr/wp-content/uploads/2026/01/Pole-jeunesse-1024x1024.png" alt=""/></figure>



<p class="has-medium-font-size wp-block-paragraph"><strong>Reste informé, découvre les bons plans et tes droits, expérimente, engage-toi et profite des ateliers, animations et espaces jeunes.</strong><br><strong>Pars à l’international, développe tes compétences numériques et participe à des actions adaptées à chaque âge pour t’épanouir et construire tes projets.</strong></p>



<p class="has-medium-font-size wp-block-paragraph"></p>



<div class="wp-block-columns is-layout-flex wp-container-core-columns-is-layout-794e3cfa wp-block-columns-is-layout-flex">
<div class="wp-block-column is-layout-flow wp-block-column-is-layout-flow">
<div class="wp-block-group is-content-justification-center is-nowrap is-layout-flex wp-container-core-group-is-layout-82936891 wp-block-group-is-layout-flex">
<figure class="wp-block-image size-large"><a href="https://mont2jeunes.montdemarsan-agglo.fr/index.php/actualites/" target="_blank" rel=" noreferrer noopener"><img decoding="async" src="https://mont2jeunes.montdemarsan-agglo.fr/wp-content/uploads/2026/01/ACTU-1-e1767799109755.png" alt=""/></a></figure>



<figure class="wp-block-image size-large"><a href="https://mont2jeunes.montdemarsan-agglo.fr/index.php/bons-plans/" target="_blank" rel=" noreferrer noopener"><img decoding="async" src="https://mont2jeunes.montdemarsan-agglo.fr/wp-content/uploads/2026/01/BONS-PLANS-1-e1767800785356.png" alt=""/></a></figure>
</div>



<div class="wp-block-group is-content-justification-center is-nowrap is-layout-flex wp-container-core-group-is-layout-82936891 wp-block-group-is-layout-flex">
<figure class="wp-block-image size-large"><a href="https://mont2jeunes.montdemarsan-agglo.fr/index.php/du-cote-des-ados/" target="_blank" rel=" noreferrer noopener"><img decoding="async" src="https://mont2jeunes.montdemarsan-agglo.fr/wp-content/uploads/2026/01/Cote-ADOS-1-e1767800830179.png" alt=""/></a></figure>



<figure class="wp-block-image size-large"><a href="https://mont2jeunes.montdemarsan-agglo.fr/index.php/info-jeunes-2/" target="_blank" rel=" noreferrer noopener"><img decoding="async" src="https://mont2jeunes.montdemarsan-agglo.fr/wp-content/uploads/2026/01/INFOS-JEUNES-1-e1767800892744.png" alt=""/></a></figure>
</div>



<div class="wp-block-group is-content-justification-center is-nowrap is-layout-flex wp-container-core-group-is-layout-82936891 wp-block-group-is-layout-flex">
<figure class="wp-block-image size-large"><a href="https://mont2jeunes.montdemarsan-agglo.fr/index.php/service-civique-2/" target="_blank" rel=" noreferrer noopener"><img decoding="async" src="https://mont2jeunes.montdemarsan-agglo.fr/wp-content/uploads/2026/01/SERV-CIV-1-e1767800933491.png" alt=""/></a></figure>



<figure class="wp-block-image size-large"><a href="https://mont2jeunes.montdemarsan-agglo.fr/index.php/maison-des-etudiants/" target="_blank" rel=" noreferrer noopener"><img decoding="async" src="https://mont2jeunes.montdemarsan-agglo.fr/wp-content/uploads/2026/01/VIE-ETUD-1-e1767800987474.png" alt=""/></a></figure>
</div>



<div class="wp-block-group is-content-justification-center is-nowrap is-layout-flex wp-container-core-group-is-layout-82936891 wp-block-group-is-layout-flex">
<figure class="wp-block-image size-large"><a href="https://mont2jeunes.montdemarsan-agglo.fr/index.php/mediateur-numerique/" target="_blank" rel=" noreferrer noopener"><img decoding="async" src="https://mont2jeunes.montdemarsan-agglo.fr/wp-content/uploads/2026/01/MEDIAT-NUM-1-e1767801814556.png" alt=""/></a></figure>



<figure class="wp-block-image size-large"><a href="https://mont2jeunes.montdemarsan-agglo.fr/index.php/mobilites-internationales/" target="_blank" rel=" noreferrer noopener"><img decoding="async" src="https://mont2jeunes.montdemarsan-agglo.fr/wp-content/uploads/2026/01/MOBILITE-INTERN-1-e1767801857419.png" alt=""/></a></figure>
</div>



<div class="wp-block-group is-content-justification-center is-nowrap is-layout-flex wp-container-core-group-is-layout-82936891 wp-block-group-is-layout-flex">
<figure class="wp-block-image size-large"><a href="https://mont2jeunes.montdemarsan-agglo.fr/index.php/jobs-alternance-stages/" target="_blank" rel=" noreferrer noopener"><img decoding="async" src="https://mont2jeunes.montdemarsan-agglo.fr/wp-content/uploads/2026/01/JOBS-VOL-STAGES-1-e1767801915479.png" alt=""/></a></figure>



<figure class="wp-block-image size-large"><a href="https://mont2jeunes.montdemarsan-agglo.fr/index.php/ateliers-2/" target="_blank" rel=" noreferrer noopener"><img decoding="async" src="https://mont2jeunes.montdemarsan-agglo.fr/wp-content/uploads/2026/01/ATEL-RENC-1-e1767801987174.png" alt=""/></a></figure>
</div>
</div>
</div>



<div class="wp-block-columns is-layout-flex wp-container-core-columns-is-layout-794e3cfa wp-block-columns-is-layout-flex">
<div class="wp-block-column is-layout-flow wp-block-column-is-layout-flow">
<div class="wp-block-columns is-layout-flex wp-container-core-columns-is-layout-794e3cfa wp-block-columns-is-layout-flex">
<div class="wp-block-column is-layout-flow wp-block-column-is-layout-flow" style="flex-basis:66.66%"></div>



<div class="wp-block-column is-layout-flow wp-block-column-is-layout-flow" style="flex-basis:33.33%"></div>
</div>
</div>
</div>

<p>Reste informé, découvre les bons plans et tes droits, expérimente, engage-toi et profite des ateliers, animations et espaces jeunes.Pars à l’international, développe tes compétences numériques et participe à des actions adaptées à chaque âge pour t’épanouir et construire tes projets.</p>
