{"id":351,"date":"2025-12-05T15:38:10","date_gmt":"2025-12-05T14:38:10","guid":{"rendered":"http:\/\/172.16.3.46\/wordpress\/?page_id=351"},"modified":"2026-03-11T10:44:06","modified_gmt":"2026-03-11T09:44:06","slug":"forum-job-dete","status":"publish","type":"page","link":"https:\/\/mont2jeunes.montdemarsan-agglo.fr\/index.php\/forum-job-dete\/","title":{"rendered":"Forum Job d&rsquo;\u00e9t\u00e9"},"content":{"rendered":"\n<figure class=\"wp-block-image aligncenter size-full\"><img loading=\"lazy\" decoding=\"async\" width=\"560\" height=\"782\" src=\"https:\/\/mont2jeunes.montdemarsan-agglo.fr\/wp-content\/uploads\/2026\/03\/job-ete-2026.png\" alt=\"\" class=\"wp-image-768\" srcset=\"https:\/\/mont2jeunes.montdemarsan-agglo.fr\/wp-content\/uploads\/2026\/03\/job-ete-2026.png 560w, https:\/\/mont2jeunes.montdemarsan-agglo.fr\/wp-content\/uploads\/2026\/03\/job-ete-2026-215x300.png 215w\" sizes=\"auto, (max-width: 560px) 100vw, 560px\" \/><\/figure>\n\n\n\n<p class=\"has-large-font-size wp-block-paragraph\"><strong>Date : <\/strong>le 28 Mars 2026<\/p>\n\n\n\n<p class=\"has-large-font-size wp-block-paragraph\"><strong>Lieu : <\/strong>au Hall de Nahuques<\/p>\n\n\n\n<p class=\"has-large-font-size wp-block-paragraph\"><code>\ud83d\udd52<\/code><strong> Horaires :<\/strong> de 8h \u00e0 19h<\/p>\n\n\n\n<p class=\"wp-block-paragraph\">Comme chaque ann\u00e9e nous serons l\u00e0 pour proposer des emploi aux jeunes \u00e9tudiants de 18-30 ans.<\/p>\n\n\n\n<p class=\"wp-block-paragraph\">Parmi tous les invit\u00e9s nous aurons les sapeurs pompiers de Mont de Marsan qui propose des emplois pour l&rsquo;\u00e9t\u00e9 et si \u00e7a vous tente vous pouvez vous engager.<\/p>\n\n\n\n<figure class=\"wp-block-image size-full is-resized\"><img loading=\"lazy\" decoding=\"async\" width=\"125\" height=\"177\" src=\"http:\/\/172.16.3.46\/wordpress\/wp-content\/uploads\/2026\/01\/Forum-job-d-ete-e1768320572907.png\" alt=\"\" class=\"wp-image-499\" style=\"width:645px;height:auto\"\/><\/figure>\n\n\n\n<p class=\"wp-block-paragraph\">Pour participer au Forum des Jobs d&rsquo;\u00e9t\u00e9 Vous pouvez vous inscrire.<\/p>\n\n\n\n<div class=\"wp-block-buttons is-layout-flex wp-block-buttons-is-layout-flex\">\n<div class=\"wp-block-button\"><a class=\"wp-block-button__link wp-element-button\">Vous inscrire<\/a><\/div>\n<\/div>\n","protected":false},"excerpt":{"rendered":"<p>Date : le 28 Mars 2026 Lieu : au Hall de Nahuques \ud83d\udd52 Horaires : de 8h \u00e0 19h Comme chaque ann\u00e9e nous serons l\u00e0 pour proposer des emploi aux jeunes \u00e9tudiants de 18-30 ans. Parmi tous les invit\u00e9s nous aurons les sapeurs pompiers de Mont de Marsan qui propose des emplois pour l&rsquo;\u00e9t\u00e9 et [&hellip;]<\/p>\n","protected":false},"author":1,"featured_media":0,"parent":0,"menu_order":0,"comment_status":"closed","ping_status":"closed","template":"","meta":{"footnotes":""},"class_list":["post-351","page","type-page","status-publish","hentry"],"_links":{"self":[{"href":"https:\/\/mont2jeunes.montdemarsan-agglo.fr\/index.php\/wp-json\/wp\/v2\/pages\/351","targetHints":{"allow":["GET"]}}],"collection":[{"href":"https:\/\/mont2jeunes.montdemarsan-agglo.fr\/index.php\/wp-json\/wp\/v2\/pages"}],"about":[{"href":"https:\/\/mont2jeunes.montdemarsan-agglo.fr\/index.php\/wp-json\/wp\/v2\/types\/page"}],"author":[{"embeddable":true,"href":"https:\/\/mont2jeunes.montdemarsan-agglo.fr\/index.php\/wp-json\/wp\/v2\/users\/1"}],"replies":[{"embeddable":true,"href":"https:\/\/mont2jeunes.montdemarsan-agglo.fr\/index.php\/wp-json\/wp\/v2\/comments?post=351"}],"version-history":[{"count":6,"href":"https:\/\/mont2jeunes.montdemarsan-agglo.fr\/index.php\/wp-json\/wp\/v2\/pages\/351\/revisions"}],"predecessor-version":[{"id":769,"href":"https:\/\/mont2jeunes.montdemarsan-agglo.fr\/index.php\/wp-json\/wp\/v2\/pages\/351\/revisions\/769"}],"wp:attachment":[{"href":"https:\/\/mont2jeunes.montdemarsan-agglo.fr\/index.php\/wp-json\/wp\/v2\/media?parent=351"}],"curies":[{"name":"wp","href":"https:\/\/api.w.org\/{rel}","templated":true}]}}

Forum Job d&rsquo;été

<figure class="wp-block-image aligncenter size-full"><img loading="lazy" decoding="async" width="560" height="782" src="https://mont2jeunes.montdemarsan-agglo.fr/wp-content/uploads/2026/03/job-ete-2026.png" alt="" class="wp-image-768" srcset="https://mont2jeunes.montdemarsan-agglo.fr/wp-content/uploads/2026/03/job-ete-2026.png 560w, https://mont2jeunes.montdemarsan-agglo.fr/wp-content/uploads/2026/03/job-ete-2026-215x300.png 215w" sizes="auto, (max-width: 560px) 100vw, 560px" /></figure>



<p class="has-large-font-size wp-block-paragraph"><strong>Date : </strong>le 28 Mars 2026</p>



<p class="has-large-font-size wp-block-paragraph"><strong>Lieu : </strong>au Hall de Nahuques</p>



<p class="has-large-font-size wp-block-paragraph"><code>🕒</code><strong> Horaires :</strong> de 8h à 19h</p>



<p class="wp-block-paragraph">Comme chaque année nous serons là pour proposer des emploi aux jeunes étudiants de 18-30 ans.</p>



<p class="wp-block-paragraph">Parmi tous les invités nous aurons les sapeurs pompiers de Mont de Marsan qui propose des emplois pour l&rsquo;été et si ça vous tente vous pouvez vous engager.</p>



<figure class="wp-block-image size-full is-resized"><img loading="lazy" decoding="async" width="125" height="177" src="http://172.16.3.46/wordpress/wp-content/uploads/2026/01/Forum-job-d-ete-e1768320572907.png" alt="" class="wp-image-499" style="width:645px;height:auto"/></figure>



<p class="wp-block-paragraph">Pour participer au Forum des Jobs d&rsquo;été Vous pouvez vous inscrire.</p>



<div class="wp-block-buttons is-layout-flex wp-block-buttons-is-layout-flex">
<div class="wp-block-button"><a class="wp-block-button__link wp-element-button">Vous inscrire</a></div>
</div>

<p>Date : le 28 Mars 2026 Lieu : au Hall de Nahuques 🕒 Horaires : de 8h à 19h Comme chaque année nous serons là pour proposer des emploi aux jeunes étudiants de 18-30 ans. Parmi tous les invités nous aurons les sapeurs pompiers de Mont de Marsan qui propose des emplois pour l&rsquo;été et [&hellip;]</p>
