{"id":528,"date":"2026-01-15T17:15:24","date_gmt":"2026-01-15T16:15:24","guid":{"rendered":"http:\/\/172.16.3.46\/wordpress\/?page_id=528"},"modified":"2026-05-06T10:01:10","modified_gmt":"2026-05-06T08:01:10","slug":"service-civique-2","status":"publish","type":"page","link":"https:\/\/mont2jeunes.montdemarsan-agglo.fr\/index.php\/service-civique-2\/","title":{"rendered":"Service Civique"},"content":{"rendered":"\n<figure class=\"wp-block-image aligncenter size-large is-resized\"><img decoding=\"async\" src=\"https:\/\/mont2jeunes.montdemarsan-agglo.fr\/wp-content\/uploads\/2026\/01\/Affiche-service-Civique.png\" alt=\"\" style=\"aspect-ratio:0.7018271022174145;width:645px;height:auto\"\/><\/figure>\n\n\n\n<p class=\"has-text-color has-link-color wp-elements-b8679c0d3016f66ddb262874c3cf22fb wp-block-paragraph\" style=\"color:#81d6b3\"><strong>UNE EXP\u00c9RIENCE UNIQUE<\/strong><\/p>\n\n\n\n<p class=\"wp-block-paragraph\">C&rsquo;est un engagement volontaire de 8 mois au service de l&rsquo;int\u00e9r\u00eat g\u00e9n\u00e9ral pour <strong>tous les jeunes de 18 \u00e0 25 ans<\/strong>, jusqu\u2019\u00e0 30 ans pour les jeunes  en situation de handicap.<\/p>\n\n\n\n<p class=\"has-text-color has-link-color wp-elements-c9a2deddd141a4936efe13bc39d103eb wp-block-paragraph\" style=\"color:#81d6b3\"><strong>SEULE LA MOTIVATION COMPTE<\/strong><\/p>\n\n\n\n<p class=\"wp-block-paragraph\">Indemnis\u00e9e \u00e0 hauteur de 620 \u20ac\/mois et sans condition de dipl\u00f4me ou d&rsquo;exp\u00e9rience, la mission de Service Civique peut \u00eatre r\u00e9alis\u00e9e \u00e0 Mont de Marsan Agglom\u00e9ration dans l&rsquo;un des 7 domaines d&rsquo;action suivants :<\/p>\n\n\n\n<ul class=\"wp-block-list\">\n<li>Culture et Loisirs<\/li>\n\n\n\n<li>\u00c9ducation pour tous<\/li>\n\n\n\n<li>Environnement<\/li>\n\n\n\n<li>Solidarit\u00e9<\/li>\n\n\n\n<li>Sport<\/li>\n\n\n\n<li>M\u00e9moire et citoyennet\u00e9<\/li>\n\n\n\n<li>Citoyennet\u00e9 europ\u00e9enne<\/li>\n<\/ul>\n\n\n\n<p class=\"has-text-color has-link-color wp-elements-02fe49f90c6d87c91d1c9fdc2b4ea977 wp-block-paragraph\" style=\"color:#81d6b3\"><strong>UN CONTRAT SP\u00c9CIFIQUE<\/strong><\/p>\n\n\n\n<p class=\"wp-block-paragraph\">La mission de service Civique s\u2019effectue sur une dur\u00e9e hebdomadaire de 26h\/semaine.<\/p>\n\n\n\n<p class=\"has-text-color has-link-color wp-elements-72feb32a957b9238d1819984b95cec9f wp-block-paragraph\" style=\"color:#81d6b3\"><strong>DES AVANTAGES POUR LES JEUNES QUI S&rsquo;ENGAGENT<\/strong><\/p>\n\n\n\n<p class=\"wp-block-paragraph\"><strong>Pendant leur mission<\/strong><\/p>\n\n\n\n<p class=\"wp-block-paragraph\">&#8211; Un accompagnement personnalis\u00e9 avec un tuteur d\u00e9di\u00e9.<\/p>\n\n\n\n<p class=\"wp-block-paragraph\">&#8211; Une protection sociale compl\u00e8te, prise en charge par l\u2019\u00c9tat.<\/p>\n\n\n\n<p class=\"wp-block-paragraph\"><strong>Apr\u00e8s leur mission<\/strong><\/p>\n\n\n\n<ul class=\"wp-block-list\">\n<li>Une attestation officielle \u00e0 conserver pour faire valoir leur engagement de Service Civique.<\/li>\n\n\n\n<li>Un engagement valorisable tout au long de leur parcours : formation, emploi, b\u00e9n\u00e9volat &#8230; notamment dans le cadre du compte personnel d&rsquo;activit\u00e9 (CPA).<\/li>\n\n\n\n<li>Des droits au titre de la retraite cumul\u00e9s pendant la dur\u00e9e de leur mission.<\/li>\n<\/ul>\n","protected":false},"excerpt":{"rendered":"<p>UNE EXP\u00c9RIENCE UNIQUE C&rsquo;est un engagement volontaire de 8 mois au service de l&rsquo;int\u00e9r\u00eat g\u00e9n\u00e9ral pour tous les jeunes de 18 \u00e0 25 ans, jusqu\u2019\u00e0 30 ans pour les jeunes en situation de handicap. SEULE LA MOTIVATION COMPTE Indemnis\u00e9e \u00e0 hauteur de 620 \u20ac\/mois et sans condition de dipl\u00f4me ou d&rsquo;exp\u00e9rience, la mission de Service [&hellip;]<\/p>\n","protected":false},"author":1,"featured_media":0,"parent":0,"menu_order":0,"comment_status":"closed","ping_status":"closed","template":"","meta":{"footnotes":""},"class_list":["post-528","page","type-page","status-publish","hentry"],"_links":{"self":[{"href":"https:\/\/mont2jeunes.montdemarsan-agglo.fr\/index.php\/wp-json\/wp\/v2\/pages\/528","targetHints":{"allow":["GET"]}}],"collection":[{"href":"https:\/\/mont2jeunes.montdemarsan-agglo.fr\/index.php\/wp-json\/wp\/v2\/pages"}],"about":[{"href":"https:\/\/mont2jeunes.montdemarsan-agglo.fr\/index.php\/wp-json\/wp\/v2\/types\/page"}],"author":[{"embeddable":true,"href":"https:\/\/mont2jeunes.montdemarsan-agglo.fr\/index.php\/wp-json\/wp\/v2\/users\/1"}],"replies":[{"embeddable":true,"href":"https:\/\/mont2jeunes.montdemarsan-agglo.fr\/index.php\/wp-json\/wp\/v2\/comments?post=528"}],"version-history":[{"count":6,"href":"https:\/\/mont2jeunes.montdemarsan-agglo.fr\/index.php\/wp-json\/wp\/v2\/pages\/528\/revisions"}],"predecessor-version":[{"id":801,"href":"https:\/\/mont2jeunes.montdemarsan-agglo.fr\/index.php\/wp-json\/wp\/v2\/pages\/528\/revisions\/801"}],"wp:attachment":[{"href":"https:\/\/mont2jeunes.montdemarsan-agglo.fr\/index.php\/wp-json\/wp\/v2\/media?parent=528"}],"curies":[{"name":"wp","href":"https:\/\/api.w.org\/{rel}","templated":true}]}}

<figure class="wp-block-image aligncenter size-large is-resized"><img decoding="async" src="https://mont2jeunes.montdemarsan-agglo.fr/wp-content/uploads/2026/01/Affiche-service-Civique.png" alt="" style="aspect-ratio:0.7018271022174145;width:645px;height:auto"/></figure>



<p class="has-text-color has-link-color wp-elements-b8679c0d3016f66ddb262874c3cf22fb wp-block-paragraph" style="color:#81d6b3"><strong>UNE EXPÉRIENCE UNIQUE</strong></p>



<p class="wp-block-paragraph">C&rsquo;est un engagement volontaire de 8 mois au service de l&rsquo;intérêt général pour <strong>tous les jeunes de 18 à 25 ans</strong>, jusqu’à 30 ans pour les jeunes  en situation de handicap.</p>



<p class="has-text-color has-link-color wp-elements-c9a2deddd141a4936efe13bc39d103eb wp-block-paragraph" style="color:#81d6b3"><strong>SEULE LA MOTIVATION COMPTE</strong></p>



<p class="wp-block-paragraph">Indemnisée à hauteur de 620 €/mois et sans condition de diplôme ou d&rsquo;expérience, la mission de Service Civique peut être réalisée à Mont de Marsan Agglomération dans l&rsquo;un des 7 domaines d&rsquo;action suivants :</p>



<ul class="wp-block-list">
<li>Culture et Loisirs</li>



<li>Éducation pour tous</li>



<li>Environnement</li>



<li>Solidarité</li>



<li>Sport</li>



<li>Mémoire et citoyenneté</li>



<li>Citoyenneté européenne</li>
</ul>



<p class="has-text-color has-link-color wp-elements-02fe49f90c6d87c91d1c9fdc2b4ea977 wp-block-paragraph" style="color:#81d6b3"><strong>UN CONTRAT SPÉCIFIQUE</strong></p>



<p class="wp-block-paragraph">La mission de service Civique s’effectue sur une durée hebdomadaire de 26h/semaine.</p>



<p class="has-text-color has-link-color wp-elements-72feb32a957b9238d1819984b95cec9f wp-block-paragraph" style="color:#81d6b3"><strong>DES AVANTAGES POUR LES JEUNES QUI S&rsquo;ENGAGENT</strong></p>



<p class="wp-block-paragraph"><strong>Pendant leur mission</strong></p>



<p class="wp-block-paragraph">&#8211; Un accompagnement personnalisé avec un tuteur dédié.</p>



<p class="wp-block-paragraph">&#8211; Une protection sociale complète, prise en charge par l’État.</p>



<p class="wp-block-paragraph"><strong>Après leur mission</strong></p>



<ul class="wp-block-list">
<li>Une attestation officielle à conserver pour faire valoir leur engagement de Service Civique.</li>



<li>Un engagement valorisable tout au long de leur parcours : formation, emploi, bénévolat &#8230; notamment dans le cadre du compte personnel d&rsquo;activité (CPA).</li>



<li>Des droits au titre de la retraite cumulés pendant la durée de leur mission.</li>
</ul>

<p>UNE EXPÉRIENCE UNIQUE C&rsquo;est un engagement volontaire de 8 mois au service de l&rsquo;intérêt général pour tous les jeunes de 18 à 25 ans, jusqu’à 30 ans pour les jeunes en situation de handicap. SEULE LA MOTIVATION COMPTE Indemnisée à hauteur de 620 €/mois et sans condition de diplôme ou d&rsquo;expérience, la mission de Service [&hellip;]</p>
