{"id":55,"date":"2025-11-07T14:21:50","date_gmt":"2025-11-07T13:21:50","guid":{"rendered":"http:\/\/10.10.30.13\/wordpress\/?page_id=55"},"modified":"2026-05-06T10:01:10","modified_gmt":"2026-05-06T08:01:10","slug":"info-jeunes-2","status":"publish","type":"page","link":"https:\/\/mont2jeunes.montdemarsan-agglo.fr\/index.php\/info-jeunes-2\/","title":{"rendered":"Structure Info-Jeunes"},"content":{"rendered":"\n<p class=\"wp-block-paragraph\">Situ\u00e9e en c\u0153ur de ville de Mont de Marsan, dans les locaux du P\u00f4le Jeunesse, la SIJ est l&rsquo;interlocutrice de proximit\u00e9 pour tous les jeunes de 12 \u00e0 30 ans, les familles et les professionnels jeunesse.<\/p>\n\n\n\n<p class=\"wp-block-paragraph\">L&rsquo;accueil y est anonyme, gratuit, sans rendez-vous et personnalis\u00e9 selon la demande.<\/p>\n\n\n\n<p class=\"has-text-color has-link-color wp-elements-cbadfa1686f9444409045779bdda314d wp-block-paragraph\" style=\"color:#81d6b3\"><strong>VIE QUOTIDIENNE<\/strong><\/p>\n\n\n\n<p class=\"wp-block-paragraph\">Les informateurs jeunesse sont \u00e0 votre c\u00f4t\u00e9s pour simplifier ton quotidien (orientation logement, jobs saisonniers, emplois, stages, alternances, sant\u00e9, loisirs ,&#8230;) : mise \u00e0 disposition de documents, conseil, aide dans les d\u00e9marches et l&rsquo;acc\u00e8s aux ressources locales &#8230; Ils facilitent \u00e9galement la mise en relation dans diff\u00e9rents domaines : baby-sitting, aide aux devoirs ou encore recherche de logement<\/p>\n\n\n\n<p class=\"has-text-color has-link-color wp-elements-7b88cc33b4966739219d2f6f32b02f94 wp-block-paragraph\" style=\"color:#81d6b3\">SERVICE DE MISE EN RELATION<\/p>\n\n\n\n<ul class=\"wp-block-list\">\n<li> Logement<\/li>\n\n\n\n<li>Jobs saisonniers, stages, alternances  Retrouvez les offres (lien)<\/li>\n\n\n\n<li>Mise en relation aide aux devoirs<\/li>\n<\/ul>\n\n\n\n<ul class=\"wp-block-list\">\n<li>CV &amp; lettres de motivation<\/li>\n<\/ul>\n\n\n\n<ul class=\"wp-block-list\">\n<li>D\u00e9marches en ligne (accompagnement pas \u00e0 pas)<\/li>\n<\/ul>\n\n\n\n<p class=\"has-text-color has-link-color wp-elements-0abe073707b47de530f9fb41c1cf254f wp-block-paragraph\" style=\"color:#81d6b3\"><strong>ACCOMPAGNEMENT AUX PROJETS INDIVIDUELS ET COLLECTIFS<\/strong><\/p>\n\n\n\n<p class=\"wp-block-paragraph\">Tu as besoin de conseils et d&rsquo;infos pour construire ton projet ? Nos informateurs jeunesse t&rsquo;\u00e9coutent, te soutiennent et t&rsquo;informent sur les possibilit\u00e9s qui s&rsquo;offrent \u00e0 toi pour le r\u00e9aliser.<\/p>\n\n\n\n<p class=\"has-text-color has-link-color wp-elements-37411338d07a20eb9e20c20864cd1d87 wp-block-paragraph\" style=\"color:#81d6b3\"><strong>MOBILIT\u00c9 INTERNATIONALE<\/strong><\/p>\n\n\n\n<p class=\"wp-block-paragraph\">(Un projet de mobilit\u00e9 en Europe ou \u00e0 l&rsquo;international ? Un op\u00e9rateur <a href=\"https:\/\/www.somobilite.fr\/\" target=\"_blank\" rel=\"noreferrer noopener\">\u00ab\u00a0So Mobilit\u00e9\u00a0\u00bb<\/a> est pr\u00e9sent pour t&rsquo;informer et t&rsquo;accompagner lors d&rsquo;un rendez-vous personnalis\u00e9. Tu pourras b\u00e9n\u00e9ficier de toutes les ressources, liens et contacts utiles pour ton projet.) mob internationale<\/p>\n\n\n\n<p class=\"wp-block-paragraph\">en savoir plus sur les missions accompagnement au projet de mobilit\u00e9 internationale<\/p>\n\n\n\n<p class=\"has-text-color has-link-color wp-elements-8533c6a388b2661f3b290a51287ac05e wp-block-paragraph\" style=\"color:#81d6b3\"><strong>EVENEMENTIEL<\/strong> <\/p>\n\n\n\n<p class=\"wp-block-paragraph\">Forum jobs d&rsquo;\u00e9t\u00e9 et engagement, classe des 18 ans, caf\u00e9 des langues, zoom pays, joli mois de l&rsquo;Europe, journ\u00e9e de la jeunesse f\u00eates de la Madeleine &#8230;<\/p>\n\n\n\n<p class=\"wp-block-paragraph\">retrouvez les actualit\u00e9s de la SIJ sur la page Actualit\u00e9s.<\/p>\n\n\n\n<p class=\"has-text-color has-link-color wp-elements-cb8098be658aa7cdf1f51863f0cf6ebc wp-block-paragraph\" style=\"color:#81d6b3\"><strong>ESPACE MULTIM\u00c9DIA <\/strong><\/p>\n\n\n\n<p class=\"wp-block-paragraph\">Cet espace \u00e9quip\u00e9 d&rsquo;ordinateurs est disponible en acc\u00e8s libre ou sur demande avec l&rsquo;aide d&rsquo;un informateur jeunesse (wifi) qui peut \u00e9galement t&rsquo;aider dans les d\u00e9marches administratives en ligne et sensibiliser aux dangers du num\u00e9rique (identifier les risques, se prot\u00e9ger et agir de mani\u00e8re responsable).<\/p>\n\n\n\n<p class=\"has-text-color has-link-color wp-elements-43e6da9ef3fcb83d6bb9e401a92b4adc wp-block-paragraph\" style=\"color:#81d6b3\"><strong>INTERVENTIONS HORS LES MURS<\/strong><\/p>\n\n\n\n<p class=\"wp-block-paragraph\">En lien avec les th\u00e9matiques de l&rsquo;info jeunes, les informateurs jeunesse peuvent intervenir sur demande (organismes de formation, \u00e9tablissements d&rsquo;enseignements &#8230;).<\/p>\n","protected":false},"excerpt":{"rendered":"<p>Situ\u00e9e en c\u0153ur de ville de Mont de Marsan, dans les locaux du P\u00f4le Jeunesse, la SIJ est l&rsquo;interlocutrice de proximit\u00e9 pour tous les jeunes de 12 \u00e0 30 ans, les familles et les professionnels jeunesse. L&rsquo;accueil y est anonyme, gratuit, sans rendez-vous et personnalis\u00e9 selon la demande. VIE QUOTIDIENNE Les informateurs jeunesse sont \u00e0 [&hellip;]<\/p>\n","protected":false},"author":1,"featured_media":0,"parent":0,"menu_order":0,"comment_status":"closed","ping_status":"closed","template":"","meta":{"footnotes":""},"class_list":["post-55","page","type-page","status-publish","hentry"],"_links":{"self":[{"href":"https:\/\/mont2jeunes.montdemarsan-agglo.fr\/index.php\/wp-json\/wp\/v2\/pages\/55","targetHints":{"allow":["GET"]}}],"collection":[{"href":"https:\/\/mont2jeunes.montdemarsan-agglo.fr\/index.php\/wp-json\/wp\/v2\/pages"}],"about":[{"href":"https:\/\/mont2jeunes.montdemarsan-agglo.fr\/index.php\/wp-json\/wp\/v2\/types\/page"}],"author":[{"embeddable":true,"href":"https:\/\/mont2jeunes.montdemarsan-agglo.fr\/index.php\/wp-json\/wp\/v2\/users\/1"}],"replies":[{"embeddable":true,"href":"https:\/\/mont2jeunes.montdemarsan-agglo.fr\/index.php\/wp-json\/wp\/v2\/comments?post=55"}],"version-history":[{"count":16,"href":"https:\/\/mont2jeunes.montdemarsan-agglo.fr\/index.php\/wp-json\/wp\/v2\/pages\/55\/revisions"}],"predecessor-version":[{"id":800,"href":"https:\/\/mont2jeunes.montdemarsan-agglo.fr\/index.php\/wp-json\/wp\/v2\/pages\/55\/revisions\/800"}],"wp:attachment":[{"href":"https:\/\/mont2jeunes.montdemarsan-agglo.fr\/index.php\/wp-json\/wp\/v2\/media?parent=55"}],"curies":[{"name":"wp","href":"https:\/\/api.w.org\/{rel}","templated":true}]}}

<p class="wp-block-paragraph">Située en cœur de ville de Mont de Marsan, dans les locaux du Pôle Jeunesse, la SIJ est l&rsquo;interlocutrice de proximité pour tous les jeunes de 12 à 30 ans, les familles et les professionnels jeunesse.</p>



<p class="wp-block-paragraph">L&rsquo;accueil y est anonyme, gratuit, sans rendez-vous et personnalisé selon la demande.</p>



<p class="has-text-color has-link-color wp-elements-cbadfa1686f9444409045779bdda314d wp-block-paragraph" style="color:#81d6b3"><strong>VIE QUOTIDIENNE</strong></p>



<p class="wp-block-paragraph">Les informateurs jeunesse sont à votre côtés pour simplifier ton quotidien (orientation logement, jobs saisonniers, emplois, stages, alternances, santé, loisirs ,&#8230;) : mise à disposition de documents, conseil, aide dans les démarches et l&rsquo;accès aux ressources locales &#8230; Ils facilitent également la mise en relation dans différents domaines : baby-sitting, aide aux devoirs ou encore recherche de logement</p>



<p class="has-text-color has-link-color wp-elements-7b88cc33b4966739219d2f6f32b02f94 wp-block-paragraph" style="color:#81d6b3">SERVICE DE MISE EN RELATION</p>



<ul class="wp-block-list">
<li> Logement</li>



<li>Jobs saisonniers, stages, alternances  Retrouvez les offres (lien)</li>



<li>Mise en relation aide aux devoirs</li>
</ul>



<ul class="wp-block-list">
<li>CV &amp; lettres de motivation</li>
</ul>



<ul class="wp-block-list">
<li>Démarches en ligne (accompagnement pas à pas)</li>
</ul>



<p class="has-text-color has-link-color wp-elements-0abe073707b47de530f9fb41c1cf254f wp-block-paragraph" style="color:#81d6b3"><strong>ACCOMPAGNEMENT AUX PROJETS INDIVIDUELS ET COLLECTIFS</strong></p>



<p class="wp-block-paragraph">Tu as besoin de conseils et d&rsquo;infos pour construire ton projet ? Nos informateurs jeunesse t&rsquo;écoutent, te soutiennent et t&rsquo;informent sur les possibilités qui s&rsquo;offrent à toi pour le réaliser.</p>



<p class="has-text-color has-link-color wp-elements-37411338d07a20eb9e20c20864cd1d87 wp-block-paragraph" style="color:#81d6b3"><strong>MOBILITÉ INTERNATIONALE</strong></p>



<p class="wp-block-paragraph">(Un projet de mobilité en Europe ou à l&rsquo;international ? Un opérateur <a href="https://www.somobilite.fr/" target="_blank" rel="noreferrer noopener">« So Mobilité »</a> est présent pour t&rsquo;informer et t&rsquo;accompagner lors d&rsquo;un rendez-vous personnalisé. Tu pourras bénéficier de toutes les ressources, liens et contacts utiles pour ton projet.) mob internationale</p>



<p class="wp-block-paragraph">en savoir plus sur les missions accompagnement au projet de mobilité internationale</p>



<p class="has-text-color has-link-color wp-elements-8533c6a388b2661f3b290a51287ac05e wp-block-paragraph" style="color:#81d6b3"><strong>EVENEMENTIEL</strong> </p>



<p class="wp-block-paragraph">Forum jobs d&rsquo;été et engagement, classe des 18 ans, café des langues, zoom pays, joli mois de l&rsquo;Europe, journée de la jeunesse fêtes de la Madeleine &#8230;</p>



<p class="wp-block-paragraph">retrouvez les actualités de la SIJ sur la page Actualités.</p>



<p class="has-text-color has-link-color wp-elements-cb8098be658aa7cdf1f51863f0cf6ebc wp-block-paragraph" style="color:#81d6b3"><strong>ESPACE MULTIMÉDIA </strong></p>



<p class="wp-block-paragraph">Cet espace équipé d&rsquo;ordinateurs est disponible en accès libre ou sur demande avec l&rsquo;aide d&rsquo;un informateur jeunesse (wifi) qui peut également t&rsquo;aider dans les démarches administratives en ligne et sensibiliser aux dangers du numérique (identifier les risques, se protéger et agir de manière responsable).</p>



<p class="has-text-color has-link-color wp-elements-43e6da9ef3fcb83d6bb9e401a92b4adc wp-block-paragraph" style="color:#81d6b3"><strong>INTERVENTIONS HORS LES MURS</strong></p>



<p class="wp-block-paragraph">En lien avec les thématiques de l&rsquo;info jeunes, les informateurs jeunesse peuvent intervenir sur demande (organismes de formation, établissements d&rsquo;enseignements &#8230;).</p>

<p>Située en cœur de ville de Mont de Marsan, dans les locaux du Pôle Jeunesse, la SIJ est l&rsquo;interlocutrice de proximité pour tous les jeunes de 12 à 30 ans, les familles et les professionnels jeunesse. L&rsquo;accueil y est anonyme, gratuit, sans rendez-vous et personnalisé selon la demande. VIE QUOTIDIENNE Les informateurs jeunesse sont à [&hellip;]</p>
