{"id":57,"date":"2025-11-07T14:22:36","date_gmt":"2025-11-07T13:22:36","guid":{"rendered":"http:\/\/10.10.30.13\/wordpress\/?page_id=57"},"modified":"2026-05-06T10:01:10","modified_gmt":"2026-05-06T08:01:10","slug":"maison-des-etudiants","status":"publish","type":"page","link":"https:\/\/mont2jeunes.montdemarsan-agglo.fr\/index.php\/maison-des-etudiants\/","title":{"rendered":"Vie \u00e9tudiante"},"content":{"rendered":"\n<p class=\"wp-block-paragraph\"><\/p>\n\n\n\n<ul class=\"wp-block-list\">\n<li class=\"has-text-color has-link-color wp-elements-003dc9ea5b593d632458c9447b388ab2\" style=\"color:#81d6b3\"><strong>LA MAISON DES \u00c9TUDIANTS<\/strong><\/li>\n<\/ul>\n\n\n\n<p class=\"wp-block-paragraph\">La vie \u00e9tudiante est une \u00e9tape essentielle, faite de d\u00e9couvertes, de rencontres et d&rsquo;engagement. Elle d\u00e9passe largement le cadre acad\u00e9mique : c&rsquo;est un moment d&rsquo;\u00e9volution personnelle, d&rsquo;ouverture au monde et de la pr\u00e9paration \u00e0 l&rsquo;avenir.<\/p>\n\n\n\n<p class=\"wp-block-paragraph\">\u00c0 la Maison des \u00c9tudiants, nous croyons que chaque exp\u00e9rience v\u00e9cue &#8211; qu&rsquo;elle soit sociale, culturelle ou collective &#8211; contribue \u00e0 forger des comp\u00e9tences pr\u00e9cieuses : apprendre \u00e0 coop\u00e9rer, cr\u00e9er des liens durables, partager ses id\u00e9es, relever des d\u00e9fis. Ce sont l\u00e0 des apprentissages tout aussi fondamentaux que ceux dispens\u00e9s au sein des \u00e9tablissements d&rsquo;enseignements sup\u00e9rieur.<\/p>\n\n\n\n<p class=\"wp-block-paragraph\">Participer \u00e0  la vie \u00e9tudiante, c&rsquo;est aussi renforcer le sentiment d&rsquo;appartenance, cultiver le bien-\u00eatre, rompre l&rsquo;isolement, et  parfois trouver du soutien l\u00e0 o\u00f9 on ne l&rsquo;attendais pas. C&rsquo;est un levier puissant pour la r\u00e9ussite, mais aussi pour l&rsquo;\u00e9panouissement.<\/p>\n\n\n\n<p class=\"wp-block-paragraph\">C&rsquo;est pourquoi Mont de Marsan Agglo accompagne les \u00e9tudiants de son territoire, en soutenant des initiatives, des lieux, et des temps forts qui vous ressemblent.<\/p>\n\n\n\n<p class=\"wp-block-paragraph\">Profitez pleinement de cette p\u00e9riode unique. Soyez curieux, actifs, solidaires. Chaque rencontre, chaque projet, chaque initiative compte. Et chacun vous approche un peu plus de la personne de vous deviendrez.<\/p>\n\n\n\n<p class=\"wp-block-paragraph\">Tr\u00e8s belle rentr\u00e9e \u00e0 toutes et \u00e0 tous &#8230; et bienvenue \u00e0 la MDE !<\/p>\n\n\n\n<p class=\"has-text-align-right has-small-font-size wp-block-paragraph\"><em><strong>Mona Farud, Directrice P\u00f4le jeunesse<\/strong><\/em> de Mont de Marsan Agglo<\/p>\n\n\n\n<p class=\"wp-block-paragraph\"> (Mot de R\u00e9my)<\/p>\n\n\n\n<p class=\"wp-block-paragraph\">(Photo affiche ou Photo voir avec R\u00e9my)<\/p>\n\n\n\n<p class=\"has-text-color has-link-color wp-elements-b8d0e4967d4d2688d9d405a66d1027bb wp-block-paragraph\" style=\"color:#81d6b3\"><strong>LA  MDE C&rsquo;EST QUOI ?<\/strong><\/p>\n\n\n\n<ul class=\"wp-block-list\">\n<li>Un espace d\u00e9di\u00e9 \u00e0 tous les \u00e9tudiants du territoire<\/li>\n<\/ul>\n\n\n\n<p class=\"is-style-default wp-block-paragraph\">Rattach\u00e9 au P\u00f4le Jeunesse de Mont de Marsan Agglo et inaugur\u00e9 en 2021 avec le soutien du Crous de Nouvelle Aquitaine<\/p>\n\n\n\n<ul class=\"wp-block-list\">\n<li>Un lieu qui centralise des services souvent \u00e9parpill\u00e9s<\/li>\n<\/ul>\n\n\n\n<ul class=\"wp-block-list\">\n<li>Un espace d&rsquo;accueil, d&rsquo;orientation<\/li>\n<\/ul>\n\n\n\n<p class=\"wp-block-paragraph\">Pour d\u00e9velopper tes projets, faire des rencontres et participer \u00e0 des \u00e9v\u00e9nements<\/p>\n\n\n\n<ul class=\"wp-block-list\">\n<li>Ses objectifs :<\/li>\n<\/ul>\n\n\n\n<p class=\"wp-block-paragraph\">&#8211; Faciliter ton quotidien<\/p>\n\n\n\n<p class=\"wp-block-paragraph\">&#8211; Encourager ton engagement<\/p>\n\n\n\n<p class=\"wp-block-paragraph\">&#8211; T&rsquo;accompagner dans toutes les dimensions de ta vie \u00e9tudiante<\/p>\n\n\n\n<p class=\"has-text-color has-link-color wp-elements-3ff8edc1eb8b2e3f293a02442545c7c7 wp-block-paragraph\" style=\"color:#81d6b3\"><strong>C&rsquo;EST POUR QUI ?<\/strong><\/p>\n\n\n\n<ul class=\"wp-block-list\">\n<li>Pour les \u00e9tudiants qui \u00e9tudient sur le territoire<\/li>\n<\/ul>\n\n\n\n<ul class=\"wp-block-list\">\n<li>pour les \u00e9tudiants originaires du territoire mais \u00e9tudiant dans une autre ville.<\/li>\n<\/ul>\n\n\n\n<ul class=\"wp-block-list\">\n<li>Pour les \u00e9tudiants en stage, en vacances ou de passage<\/li>\n<\/ul>\n\n\n\n<p class=\"wp-block-paragraph\">Tu veux t&rsquo;informer, travailler, te loger, monter un projet, t&rsquo;engager ou simplement souffler un peu ? La MDE est faite pour toi. Passe la porte, tout commence ici !<\/p>\n\n\n\n<p class=\"wp-block-paragraph\">Zoom sur la Maison des \u00c9tudiants : lieu-ressource, espaces de co-working, RDV sociaux, animations.<\/p>\n\n\n\n<ul class=\"wp-block-list\">\n<li>D\u00e9couvrir la MDE &#8211; Services, horaires, contacts.<\/li>\n\n\n\n<li>Guide de l\u2019\u00c9tudiant &#8211; Rep\u00e8res utiles pour bien d\u00e9marrer<\/li>\n\n\n\n<li>F\u00e9d\u00e9ration des \u00c9tudiants &#8211; Vie Asso, projets, \u00e9v\u00e8nements.<\/li>\n\n\n\n<li>CROUS &amp; logement \u00e9tudiant &#8211; Restauration, bourses, logements.<\/li>\n\n\n\n<li>Cr\u00e9er ton Asso &#8211; Trouver des partenaires, financer, communiquer.<\/li>\n\n\n\n<li>Travailleur Social (CROUS) &#8211; soutien personnalis\u00e9 pour r\u00e9ussir dans de bonnes conditions.<\/li>\n<\/ul>\n\n\n\n<p class=\"has-text-align-center has-text-color has-link-color has-large-font-size wp-elements-57c958e9756d8efb604a7e3cd1bc9091 wp-block-paragraph\" style=\"color:#81d6b3\"><strong>PRENDRE RENDEZ-VOUS AVEC LE TRAVAILLEUR SOCIAL (CROUS)<\/strong><\/p>\n\n\n\n<div class=\"wp-block-group is-content-justification-center is-nowrap is-layout-flex wp-container-core-group-is-layout-82936891 wp-block-group-is-layout-flex\">\n<figure class=\"wp-block-image aligncenter size-large\"><img decoding=\"async\" src=\"https:\/\/mont2jeunes.montdemarsan-agglo.fr\/wp-content\/uploads\/2026\/01\/QRCodeTravSoc.png\" alt=\"\"\/><\/figure>\n\n\n\n<p class=\"wp-block-paragraph\">lien <a href=\"https:\/\/www.clicrdv.com\/crous-de-bordeaux\" target=\"_blank\" rel=\"noreferrer noopener\"> ici<\/a><\/p>\n\n\n\n<p class=\"wp-block-paragraph\">  <code>\u260e<\/code> 05.56.33.96.15<\/p>\n<\/div>\n\n\n\n<p class=\"wp-block-paragraph\"><\/p>\n\n\n\n<p class=\"wp-block-paragraph\"><\/p>\n","protected":false},"excerpt":{"rendered":"<p>La vie \u00e9tudiante est une \u00e9tape essentielle, faite de d\u00e9couvertes, de rencontres et d&rsquo;engagement. Elle d\u00e9passe largement le cadre acad\u00e9mique : c&rsquo;est un moment d&rsquo;\u00e9volution personnelle, d&rsquo;ouverture au monde et de la pr\u00e9paration \u00e0 l&rsquo;avenir. \u00c0 la Maison des \u00c9tudiants, nous croyons que chaque exp\u00e9rience v\u00e9cue &#8211; qu&rsquo;elle soit sociale, culturelle ou collective &#8211; contribue [&hellip;]<\/p>\n","protected":false},"author":1,"featured_media":0,"parent":0,"menu_order":0,"comment_status":"closed","ping_status":"closed","template":"","meta":{"footnotes":""},"class_list":["post-57","page","type-page","status-publish","hentry"],"_links":{"self":[{"href":"https:\/\/mont2jeunes.montdemarsan-agglo.fr\/index.php\/wp-json\/wp\/v2\/pages\/57","targetHints":{"allow":["GET"]}}],"collection":[{"href":"https:\/\/mont2jeunes.montdemarsan-agglo.fr\/index.php\/wp-json\/wp\/v2\/pages"}],"about":[{"href":"https:\/\/mont2jeunes.montdemarsan-agglo.fr\/index.php\/wp-json\/wp\/v2\/types\/page"}],"author":[{"embeddable":true,"href":"https:\/\/mont2jeunes.montdemarsan-agglo.fr\/index.php\/wp-json\/wp\/v2\/users\/1"}],"replies":[{"embeddable":true,"href":"https:\/\/mont2jeunes.montdemarsan-agglo.fr\/index.php\/wp-json\/wp\/v2\/comments?post=57"}],"version-history":[{"count":44,"href":"https:\/\/mont2jeunes.montdemarsan-agglo.fr\/index.php\/wp-json\/wp\/v2\/pages\/57\/revisions"}],"predecessor-version":[{"id":796,"href":"https:\/\/mont2jeunes.montdemarsan-agglo.fr\/index.php\/wp-json\/wp\/v2\/pages\/57\/revisions\/796"}],"wp:attachment":[{"href":"https:\/\/mont2jeunes.montdemarsan-agglo.fr\/index.php\/wp-json\/wp\/v2\/media?parent=57"}],"curies":[{"name":"wp","href":"https:\/\/api.w.org\/{rel}","templated":true}]}}

Vie étudiante

<p class="wp-block-paragraph"></p>



<ul class="wp-block-list">
<li class="has-text-color has-link-color wp-elements-003dc9ea5b593d632458c9447b388ab2" style="color:#81d6b3"><strong>LA MAISON DES ÉTUDIANTS</strong></li>
</ul>



<p class="wp-block-paragraph">La vie étudiante est une étape essentielle, faite de découvertes, de rencontres et d&rsquo;engagement. Elle dépasse largement le cadre académique : c&rsquo;est un moment d&rsquo;évolution personnelle, d&rsquo;ouverture au monde et de la préparation à l&rsquo;avenir.</p>



<p class="wp-block-paragraph">À la Maison des Étudiants, nous croyons que chaque expérience vécue &#8211; qu&rsquo;elle soit sociale, culturelle ou collective &#8211; contribue à forger des compétences précieuses : apprendre à coopérer, créer des liens durables, partager ses idées, relever des défis. Ce sont là des apprentissages tout aussi fondamentaux que ceux dispensés au sein des établissements d&rsquo;enseignements supérieur.</p>



<p class="wp-block-paragraph">Participer à  la vie étudiante, c&rsquo;est aussi renforcer le sentiment d&rsquo;appartenance, cultiver le bien-être, rompre l&rsquo;isolement, et  parfois trouver du soutien là où on ne l&rsquo;attendais pas. C&rsquo;est un levier puissant pour la réussite, mais aussi pour l&rsquo;épanouissement.</p>



<p class="wp-block-paragraph">C&rsquo;est pourquoi Mont de Marsan Agglo accompagne les étudiants de son territoire, en soutenant des initiatives, des lieux, et des temps forts qui vous ressemblent.</p>



<p class="wp-block-paragraph">Profitez pleinement de cette période unique. Soyez curieux, actifs, solidaires. Chaque rencontre, chaque projet, chaque initiative compte. Et chacun vous approche un peu plus de la personne de vous deviendrez.</p>



<p class="wp-block-paragraph">Très belle rentrée à toutes et à tous &#8230; et bienvenue à la MDE !</p>



<p class="has-text-align-right has-small-font-size wp-block-paragraph"><em><strong>Mona Farud, Directrice Pôle jeunesse</strong></em> de Mont de Marsan Agglo</p>



<p class="wp-block-paragraph"> (Mot de Rémy)</p>



<p class="wp-block-paragraph">(Photo affiche ou Photo voir avec Rémy)</p>



<p class="has-text-color has-link-color wp-elements-b8d0e4967d4d2688d9d405a66d1027bb wp-block-paragraph" style="color:#81d6b3"><strong>LA  MDE C&rsquo;EST QUOI ?</strong></p>



<ul class="wp-block-list">
<li>Un espace dédié à tous les étudiants du territoire</li>
</ul>



<p class="is-style-default wp-block-paragraph">Rattaché au Pôle Jeunesse de Mont de Marsan Agglo et inauguré en 2021 avec le soutien du Crous de Nouvelle Aquitaine</p>



<ul class="wp-block-list">
<li>Un lieu qui centralise des services souvent éparpillés</li>
</ul>



<ul class="wp-block-list">
<li>Un espace d&rsquo;accueil, d&rsquo;orientation</li>
</ul>



<p class="wp-block-paragraph">Pour développer tes projets, faire des rencontres et participer à des événements</p>



<ul class="wp-block-list">
<li>Ses objectifs :</li>
</ul>



<p class="wp-block-paragraph">&#8211; Faciliter ton quotidien</p>



<p class="wp-block-paragraph">&#8211; Encourager ton engagement</p>



<p class="wp-block-paragraph">&#8211; T&rsquo;accompagner dans toutes les dimensions de ta vie étudiante</p>



<p class="has-text-color has-link-color wp-elements-3ff8edc1eb8b2e3f293a02442545c7c7 wp-block-paragraph" style="color:#81d6b3"><strong>C&rsquo;EST POUR QUI ?</strong></p>



<ul class="wp-block-list">
<li>Pour les étudiants qui étudient sur le territoire</li>
</ul>



<ul class="wp-block-list">
<li>pour les étudiants originaires du territoire mais étudiant dans une autre ville.</li>
</ul>



<ul class="wp-block-list">
<li>Pour les étudiants en stage, en vacances ou de passage</li>
</ul>



<p class="wp-block-paragraph">Tu veux t&rsquo;informer, travailler, te loger, monter un projet, t&rsquo;engager ou simplement souffler un peu ? La MDE est faite pour toi. Passe la porte, tout commence ici !</p>



<p class="wp-block-paragraph">Zoom sur la Maison des Étudiants : lieu-ressource, espaces de co-working, RDV sociaux, animations.</p>



<ul class="wp-block-list">
<li>Découvrir la MDE &#8211; Services, horaires, contacts.</li>



<li>Guide de l’Étudiant &#8211; Repères utiles pour bien démarrer</li>



<li>Fédération des Étudiants &#8211; Vie Asso, projets, évènements.</li>



<li>CROUS &amp; logement étudiant &#8211; Restauration, bourses, logements.</li>



<li>Créer ton Asso &#8211; Trouver des partenaires, financer, communiquer.</li>



<li>Travailleur Social (CROUS) &#8211; soutien personnalisé pour réussir dans de bonnes conditions.</li>
</ul>



<p class="has-text-align-center has-text-color has-link-color has-large-font-size wp-elements-57c958e9756d8efb604a7e3cd1bc9091 wp-block-paragraph" style="color:#81d6b3"><strong>PRENDRE RENDEZ-VOUS AVEC LE TRAVAILLEUR SOCIAL (CROUS)</strong></p>



<div class="wp-block-group is-content-justification-center is-nowrap is-layout-flex wp-container-core-group-is-layout-82936891 wp-block-group-is-layout-flex">
<figure class="wp-block-image aligncenter size-large"><img decoding="async" src="https://mont2jeunes.montdemarsan-agglo.fr/wp-content/uploads/2026/01/QRCodeTravSoc.png" alt=""/></figure>



<p class="wp-block-paragraph">lien <a href="https://www.clicrdv.com/crous-de-bordeaux" target="_blank" rel="noreferrer noopener"> ici</a></p>



<p class="wp-block-paragraph">  <code>☎</code> 05.56.33.96.15</p>
</div>



<p class="wp-block-paragraph"></p>



<p class="wp-block-paragraph"></p>

<p>La vie étudiante est une étape essentielle, faite de découvertes, de rencontres et d&rsquo;engagement. Elle dépasse largement le cadre académique : c&rsquo;est un moment d&rsquo;évolution personnelle, d&rsquo;ouverture au monde et de la préparation à l&rsquo;avenir. À la Maison des Étudiants, nous croyons que chaque expérience vécue &#8211; qu&rsquo;elle soit sociale, culturelle ou collective &#8211; contribue [&hellip;]</p>
